{"id":1390,"date":"2019-11-27T14:52:16","date_gmt":"2019-11-27T14:52:45","guid":{"rendered":"https:\/\/www.argonandco.com\/?page_id=1390"},"modified":"2020-03-09T15:32:47","modified_gmt":"2020-03-09T15:32:47","slug":"modele-operationnel","status":"publish","type":"page","link":"https:\/\/www.argonandco.com\/fr\/expertises\/strategie-des-operations\/modele-operationnel\/","title":{"rendered":"Mod\u00e8le op\u00e9rationnel"},"content":{"rendered":"<h2><b>Contexte et d\u00e9fis<\/b><\/h2>\n<p><span class=\"intro\"><span style=\"font-weight: 400;\">Pour les entreprises, entamer une r\u00e9flexion sur leur mod\u00e8le op\u00e9rationnel suscite de nombreuses questions\u00a0: ad\u00e9quation du mod\u00e8le op\u00e9rationnel actuel \u00e0 l&rsquo;objectif vis\u00e9, port\u00e9e du mod\u00e8le op\u00e9rationnel, identification des personnes impliqu\u00e9es dans son analyse et sa conception, niveau de d\u00e9tails requis ou, tout simplement, <\/span><span style=\"font-weight: 400;\">la d\u00e9finition du point de d\u00e9part de la r\u00e9flexion.<\/span><\/span><\/p>\n<p><span style=\"font-weight: 400;\">De nombreuses organisations savent qu\u2019elles doivent s\u2019atteler \u00e0 red\u00e9finir leur mod\u00e8le op\u00e9rationnel mais l\u2019ampleur de la t\u00e2che constitue un r\u00e9el d\u00e9fi. Il peut \u00e9galement y avoir d\u2019autre freins comme la r\u00e9sistance au changement\u00a0: les collaborateurs ont souvent des difficult\u00e9s \u00e0 voir comment les choses pourraient \u00eatre faites autrement. L\u2019aversion au risque en est un autre. Il r\u00e9sulte souvent de pressions exerc\u00e9es pour s\u00e9curiser les b\u00e9n\u00e9fices et la performance financi\u00e8re \u00e0 court terme. La complexit\u00e9 de la t\u00e2che est \u00e9galement souvent sous-estim\u00e9e.\u00a0<\/span><\/p>\n<p><span style=\"font-weight: 400;\">Un mod\u00e8le op\u00e9rationnel scinde une organisation en composantes distinctes afin de faciliter la compr\u00e9hension de leur articulation. En r\u00e8gle g\u00e9n\u00e9rale, le mod\u00e8le est divis\u00e9 en domaines tels que la planification de la supply chain, la fabrication, la production, le service client, la gestion des commandes, les ventes et le marketing. Il devrait \u00e9galement inclure les processus, l&rsquo;organisation, les syst\u00e8mes IT et la technologie, les collaborateurs et les comp\u00e9tences ainsi que les m\u00e9thodes de travail et la gouvernance.\u00a0<\/span><\/p>\n<p><span style=\"font-weight: 400;\">La transformation doit \u00eatre m\u00e9thodique. Il s&rsquo;agit souvent de clarifier l\u2019objectif, de d\u00e9finir des priorit\u00e9s et d&rsquo;int\u00e9grer les changements d&rsquo;une mani\u00e8re durable. <\/span><\/p>\n<p>&nbsp;<\/p>\n<h2><b>Notre approche<\/b><\/h2>\n<p>&nbsp;<\/p>\n<p><span style=\"font-weight: 400;\">Argon &amp; Co travaille en partenariat avec ses clients afin de mettre en en \u0153uvre leurs nouveaux mod\u00e8les op\u00e9rationnels. Nous avons ainsi d\u00e9velopp\u00e9 une approche centr\u00e9e sur le client. Facilit\u00e9e par la technologie, elle remet en question le statu quo et n\u00e9cessite \u00e0 la fois un leadership et des capacit\u00e9s appropri\u00e9es au sein de l&rsquo;organisation pour devenir p\u00e9renne.\u00a0<\/span><\/p>\n<p><span style=\"font-weight: 400;\">Nous accompagnons nos clients aux diff\u00e9rentes \u00e9tapes de la mise en \u0153uvre de leur mod\u00e8le op\u00e9rationnel en fonction de leurs besoins et leur apportons un soutien adapt\u00e9\u00a0:<\/span><\/p>\n<ul>\n<li style=\"font-weight: 400;\"><span style=\"font-weight: 400;\">\u00e9valuation, conception et int\u00e9gration d\u2019un nouveau mod\u00e8le op\u00e9rationnel gr\u00e2ce \u00e0 la d\u00e9finition d\u2019un cadre d\u00e9fini ;\u00a0<\/span><\/li>\n<li style=\"font-weight: 400;\"><span style=\"font-weight: 400;\">clarification entre la strat\u00e9gie d\u2019entreprise, la strat\u00e9gie commerciale et le mod\u00e8le op\u00e9rationnel,\u00a0 et alignement sur un ensemble clair de principes de fonctionnement ;<\/span><\/li>\n<li style=\"font-weight: 400;\"><span style=\"font-weight: 400;\">d\u00e9finition des besoins op\u00e9rationnels futurs sur une p\u00e9riode pertinente (habituellement entre 3 et 10 ans) ;<\/span><\/li>\n<li style=\"font-weight: 400;\"><span style=\"font-weight: 400;\">analyse des forces et des faiblesses de l\u2019organisation en identifiant les capacit\u00e9s essentielles et les lacunes existantes\u00a0: notre approche d&rsquo;\u00e9valuation scprime\u00ae en permet une \u00e9valuation rapide\u00a0;<\/span><\/li>\n<li style=\"font-weight: 400;\"><span style=\"font-weight: 400;\">d\u00e9finition d\u2019un mod\u00e8le op\u00e9rationnel cible ;<\/span><\/li>\n<li style=\"font-weight: 400;\"><span style=\"font-weight: 400;\">mobilisation des parties prenantes \u00e0 tous les niveaux de l\u2019entreprise afin de susciter leur adh\u00e9sion et leur alignement\u00a0;<\/span><\/li>\n<li style=\"font-weight: 400;\"><span style=\"font-weight: 400;\">analyse de rentabilit\u00e9 incluant une analyse co\u00fbts\/b\u00e9n\u00e9fices du changement, avec un accent mis sur des retours sur investissement r\u00e9alistes en fonction des options de mise en \u0153uvre ;<\/span><\/li>\n<li style=\"font-weight: 400;\"><span style=\"font-weight: 400;\">r\u00e9alisation du programme de transformation convenu comprenant la gestion centrale du programme et le respect des \u00e9ch\u00e9ances fix\u00e9es ;<\/span><\/li>\n<li style=\"font-weight: 400;\"><span style=\"font-weight: 400;\">mise en place d&rsquo;une gouvernance permettant le d\u00e9veloppement et la r\u00e9vision du mod\u00e8le op\u00e9rationnel en continu. Le march\u00e9 \u00e9tant un environnement en constante \u00e9volution, les organisations doivent en effet faire preuve d&rsquo;une capacit\u00e9 d&rsquo;adaptation en cons\u00e9quence. <\/span><\/li>\n<\/ul>\n","protected":false},"excerpt":{"rendered":"<p>Contexte et d\u00e9fis Pour les entreprises, entamer une r\u00e9flexion sur leur mod\u00e8le op\u00e9rationnel suscite de nombreuses questions\u00a0: ad\u00e9quation du mod\u00e8le op\u00e9rationnel actuel \u00e0 l&rsquo;objectif vis\u00e9, port\u00e9e du mod\u00e8le op\u00e9rationnel, identification des personnes impliqu\u00e9es dans son analyse et sa conception, niveau de d\u00e9tails requis ou, tout simplement, la d\u00e9finition du point de d\u00e9part de la r\u00e9flexion. [&hellip;]<\/p>\n","protected":false},"author":1,"featured_media":0,"parent":1380,"menu_order":0,"comment_status":"closed","ping_status":"closed","template":"","meta":{"_acf_changed":false,"footnotes":""},"class_list":["post-1390","page","type-page","status-publish","hentry"],"acf":[],"yoast_head":"<!-- This site is optimized with the Yoast SEO plugin v27.4 - https:\/\/yoast.com\/product\/yoast-seo-wordpress\/ -->\n<title>Mod\u00e8le op\u00e9rationnel - Argon &amp; Co<\/title>\n<meta name=\"robots\" content=\"index, follow, max-snippet:-1, max-image-preview:large, max-video-preview:-1\" \/>\n<link rel=\"canonical\" href=\"https:\/\/www.argonandco.com\/fr\/expertises\/strategie-des-operations\/modele-operationnel\/\" \/>\n<meta property=\"og:locale\" content=\"fr_FR\" \/>\n<meta property=\"og:type\" content=\"article\" \/>\n<meta property=\"og:title\" content=\"Mod\u00e8le op\u00e9rationnel - Argon &amp; Co\" \/>\n<meta property=\"og:description\" content=\"Contexte et d\u00e9fis Pour les entreprises, entamer une r\u00e9flexion sur leur mod\u00e8le op\u00e9rationnel suscite de nombreuses questions\u00a0: ad\u00e9quation du mod\u00e8le op\u00e9rationnel actuel \u00e0 l&rsquo;objectif vis\u00e9, port\u00e9e du mod\u00e8le op\u00e9rationnel, identification des personnes impliqu\u00e9es dans son analyse et sa conception, niveau de d\u00e9tails requis ou, tout simplement, la d\u00e9finition du point de d\u00e9part de la r\u00e9flexion. [&hellip;]\" \/>\n<meta property=\"og:url\" content=\"https:\/\/www.argonandco.com\/fr\/expertises\/strategie-des-operations\/modele-operationnel\/\" \/>\n<meta property=\"og:site_name\" content=\"Argon &amp; Co\" \/>\n<meta property=\"article:modified_time\" content=\"2020-03-09T15:32:47+00:00\" \/>\n<meta name=\"twitter:card\" content=\"summary_large_image\" \/>\n<meta name=\"twitter:label1\" content=\"Dur\u00e9e de lecture estim\u00e9e\" \/>\n\t<meta name=\"twitter:data1\" content=\"3 minutes\" \/>\n<script type=\"application\/ld+json\" class=\"yoast-schema-graph\">{\"@context\":\"https:\\\/\\\/schema.org\",\"@graph\":[{\"@type\":\"WebPage\",\"@id\":\"https:\\\/\\\/www.argonandco.com\\\/fr\\\/expertises\\\/strategie-des-operations\\\/modele-operationnel\\\/\",\"url\":\"https:\\\/\\\/www.argonandco.com\\\/fr\\\/expertises\\\/strategie-des-operations\\\/modele-operationnel\\\/\",\"name\":\"Mod\u00e8le op\u00e9rationnel - Argon &amp; Co\",\"isPartOf\":{\"@id\":\"https:\\\/\\\/www.argonandco.com\\\/fr\\\/#website\"},\"datePublished\":\"2019-11-27T14:52:45+00:00\",\"dateModified\":\"2020-03-09T15:32:47+00:00\",\"breadcrumb\":{\"@id\":\"https:\\\/\\\/www.argonandco.com\\\/fr\\\/expertises\\\/strategie-des-operations\\\/modele-operationnel\\\/#breadcrumb\"},\"inLanguage\":\"fr-FR\",\"potentialAction\":[{\"@type\":\"ReadAction\",\"target\":[\"https:\\\/\\\/www.argonandco.com\\\/fr\\\/expertises\\\/strategie-des-operations\\\/modele-operationnel\\\/\"]}]},{\"@type\":\"BreadcrumbList\",\"@id\":\"https:\\\/\\\/www.argonandco.com\\\/fr\\\/expertises\\\/strategie-des-operations\\\/modele-operationnel\\\/#breadcrumb\",\"itemListElement\":[{\"@type\":\"ListItem\",\"position\":1,\"name\":\"Home\",\"item\":\"https:\\\/\\\/www.argonandco.com\\\/fr\\\/\"},{\"@type\":\"ListItem\",\"position\":2,\"name\":\"Expertises\",\"item\":\"https:\\\/\\\/www.argonandco.com\\\/fr\\\/expertises\\\/\"},{\"@type\":\"ListItem\",\"position\":3,\"name\":\"Strat\u00e9gie des op\u00e9rations\",\"item\":\"https:\\\/\\\/www.argonandco.com\\\/fr\\\/expertises\\\/strategie-des-operations\\\/\"},{\"@type\":\"ListItem\",\"position\":4,\"name\":\"Mod\u00e8le op\u00e9rationnel\"}]},{\"@type\":\"WebSite\",\"@id\":\"https:\\\/\\\/www.argonandco.com\\\/fr\\\/#website\",\"url\":\"https:\\\/\\\/www.argonandco.com\\\/fr\\\/\",\"name\":\"Argon &amp; Co\",\"description\":\"We help clients achieve their strategic and operational objectives, working together to transform their businesses and generate real change.\",\"potentialAction\":[{\"@type\":\"SearchAction\",\"target\":{\"@type\":\"EntryPoint\",\"urlTemplate\":\"https:\\\/\\\/www.argonandco.com\\\/fr\\\/?s={search_term_string}\"},\"query-input\":{\"@type\":\"PropertyValueSpecification\",\"valueRequired\":true,\"valueName\":\"search_term_string\"}}],\"inLanguage\":\"fr-FR\"}]}<\/script>\n<!-- \/ Yoast SEO plugin. -->","yoast_head_json":{"title":"Mod\u00e8le op\u00e9rationnel - Argon &amp; Co","robots":{"index":"index","follow":"follow","max-snippet":"max-snippet:-1","max-image-preview":"max-image-preview:large","max-video-preview":"max-video-preview:-1"},"canonical":"https:\/\/www.argonandco.com\/fr\/expertises\/strategie-des-operations\/modele-operationnel\/","og_locale":"fr_FR","og_type":"article","og_title":"Mod\u00e8le op\u00e9rationnel - Argon &amp; Co","og_description":"Contexte et d\u00e9fis Pour les entreprises, entamer une r\u00e9flexion sur leur mod\u00e8le op\u00e9rationnel suscite de nombreuses questions\u00a0: ad\u00e9quation du mod\u00e8le op\u00e9rationnel actuel \u00e0 l&rsquo;objectif vis\u00e9, port\u00e9e du mod\u00e8le op\u00e9rationnel, identification des personnes impliqu\u00e9es dans son analyse et sa conception, niveau de d\u00e9tails requis ou, tout simplement, la d\u00e9finition du point de d\u00e9part de la r\u00e9flexion. [&hellip;]","og_url":"https:\/\/www.argonandco.com\/fr\/expertises\/strategie-des-operations\/modele-operationnel\/","og_site_name":"Argon &amp; Co","article_modified_time":"2020-03-09T15:32:47+00:00","twitter_card":"summary_large_image","twitter_misc":{"Dur\u00e9e de lecture estim\u00e9e":"3 minutes"},"schema":{"@context":"https:\/\/schema.org","@graph":[{"@type":"WebPage","@id":"https:\/\/www.argonandco.com\/fr\/expertises\/strategie-des-operations\/modele-operationnel\/","url":"https:\/\/www.argonandco.com\/fr\/expertises\/strategie-des-operations\/modele-operationnel\/","name":"Mod\u00e8le op\u00e9rationnel - Argon &amp; Co","isPartOf":{"@id":"https:\/\/www.argonandco.com\/fr\/#website"},"datePublished":"2019-11-27T14:52:45+00:00","dateModified":"2020-03-09T15:32:47+00:00","breadcrumb":{"@id":"https:\/\/www.argonandco.com\/fr\/expertises\/strategie-des-operations\/modele-operationnel\/#breadcrumb"},"inLanguage":"fr-FR","potentialAction":[{"@type":"ReadAction","target":["https:\/\/www.argonandco.com\/fr\/expertises\/strategie-des-operations\/modele-operationnel\/"]}]},{"@type":"BreadcrumbList","@id":"https:\/\/www.argonandco.com\/fr\/expertises\/strategie-des-operations\/modele-operationnel\/#breadcrumb","itemListElement":[{"@type":"ListItem","position":1,"name":"Home","item":"https:\/\/www.argonandco.com\/fr\/"},{"@type":"ListItem","position":2,"name":"Expertises","item":"https:\/\/www.argonandco.com\/fr\/expertises\/"},{"@type":"ListItem","position":3,"name":"Strat\u00e9gie des op\u00e9rations","item":"https:\/\/www.argonandco.com\/fr\/expertises\/strategie-des-operations\/"},{"@type":"ListItem","position":4,"name":"Mod\u00e8le op\u00e9rationnel"}]},{"@type":"WebSite","@id":"https:\/\/www.argonandco.com\/fr\/#website","url":"https:\/\/www.argonandco.com\/fr\/","name":"Argon &amp; Co","description":"We help clients achieve their strategic and operational objectives, working together to transform their businesses and generate real change.","potentialAction":[{"@type":"SearchAction","target":{"@type":"EntryPoint","urlTemplate":"https:\/\/www.argonandco.com\/fr\/?s={search_term_string}"},"query-input":{"@type":"PropertyValueSpecification","valueRequired":true,"valueName":"search_term_string"}}],"inLanguage":"fr-FR"}]}},"_links":{"self":[{"href":"https:\/\/www.argonandco.com\/fr\/wp-json\/wp\/v2\/pages\/1390","targetHints":{"allow":["GET"]}}],"collection":[{"href":"https:\/\/www.argonandco.com\/fr\/wp-json\/wp\/v2\/pages"}],"about":[{"href":"https:\/\/www.argonandco.com\/fr\/wp-json\/wp\/v2\/types\/page"}],"author":[{"embeddable":true,"href":"https:\/\/www.argonandco.com\/fr\/wp-json\/wp\/v2\/users\/1"}],"replies":[{"embeddable":true,"href":"https:\/\/www.argonandco.com\/fr\/wp-json\/wp\/v2\/comments?post=1390"}],"version-history":[{"count":0,"href":"https:\/\/www.argonandco.com\/fr\/wp-json\/wp\/v2\/pages\/1390\/revisions"}],"up":[{"embeddable":true,"href":"https:\/\/www.argonandco.com\/fr\/wp-json\/wp\/v2\/pages\/1380"}],"wp:attachment":[{"href":"https:\/\/www.argonandco.com\/fr\/wp-json\/wp\/v2\/media?parent=1390"}],"curies":[{"name":"wp","href":"https:\/\/api.w.org\/{rel}","templated":true}]}}

Modèle opérationnel

<h2><b>Contexte et défis</b></h2>
<p><span class="intro"><span style="font-weight: 400;">Pour les entreprises, entamer une réflexion sur leur modèle opérationnel suscite de nombreuses questions : adéquation du modèle opérationnel actuel à l&rsquo;objectif visé, portée du modèle opérationnel, identification des personnes impliquées dans son analyse et sa conception, niveau de détails requis ou, tout simplement, </span><span style="font-weight: 400;">la définition du point de départ de la réflexion.</span></span></p>
<p><span style="font-weight: 400;">De nombreuses organisations savent qu’elles doivent s’atteler à redéfinir leur modèle opérationnel mais l’ampleur de la tâche constitue un réel défi. Il peut également y avoir d’autre freins comme la résistance au changement : les collaborateurs ont souvent des difficultés à voir comment les choses pourraient être faites autrement. L’aversion au risque en est un autre. Il résulte souvent de pressions exercées pour sécuriser les bénéfices et la performance financière à court terme. La complexité de la tâche est également souvent sous-estimée. </span></p>
<p><span style="font-weight: 400;">Un modèle opérationnel scinde une organisation en composantes distinctes afin de faciliter la compréhension de leur articulation. En règle générale, le modèle est divisé en domaines tels que la planification de la supply chain, la fabrication, la production, le service client, la gestion des commandes, les ventes et le marketing. Il devrait également inclure les processus, l&rsquo;organisation, les systèmes IT et la technologie, les collaborateurs et les compétences ainsi que les méthodes de travail et la gouvernance. </span></p>
<p><span style="font-weight: 400;">La transformation doit être méthodique. Il s&rsquo;agit souvent de clarifier l’objectif, de définir des priorités et d&rsquo;intégrer les changements d&rsquo;une manière durable. </span></p>
<p>&nbsp;</p>
<h2><b>Notre approche</b></h2>
<p>&nbsp;</p>
<p><span style="font-weight: 400;">Argon &amp; Co travaille en partenariat avec ses clients afin de mettre en en œuvre leurs nouveaux modèles opérationnels. Nous avons ainsi développé une approche centrée sur le client. Facilitée par la technologie, elle remet en question le statu quo et nécessite à la fois un leadership et des capacités appropriées au sein de l&rsquo;organisation pour devenir pérenne. </span></p>
<p><span style="font-weight: 400;">Nous accompagnons nos clients aux différentes étapes de la mise en œuvre de leur modèle opérationnel en fonction de leurs besoins et leur apportons un soutien adapté :</span></p>
<ul>
<li style="font-weight: 400;"><span style="font-weight: 400;">évaluation, conception et intégration d’un nouveau modèle opérationnel grâce à la définition d’un cadre défini ; </span></li>
<li style="font-weight: 400;"><span style="font-weight: 400;">clarification entre la stratégie d’entreprise, la stratégie commerciale et le modèle opérationnel,  et alignement sur un ensemble clair de principes de fonctionnement ;</span></li>
<li style="font-weight: 400;"><span style="font-weight: 400;">définition des besoins opérationnels futurs sur une période pertinente (habituellement entre 3 et 10 ans) ;</span></li>
<li style="font-weight: 400;"><span style="font-weight: 400;">analyse des forces et des faiblesses de l’organisation en identifiant les capacités essentielles et les lacunes existantes : notre approche d&rsquo;évaluation scprime® en permet une évaluation rapide ;</span></li>
<li style="font-weight: 400;"><span style="font-weight: 400;">définition d’un modèle opérationnel cible ;</span></li>
<li style="font-weight: 400;"><span style="font-weight: 400;">mobilisation des parties prenantes à tous les niveaux de l’entreprise afin de susciter leur adhésion et leur alignement ;</span></li>
<li style="font-weight: 400;"><span style="font-weight: 400;">analyse de rentabilité incluant une analyse coûts/bénéfices du changement, avec un accent mis sur des retours sur investissement réalistes en fonction des options de mise en œuvre ;</span></li>
<li style="font-weight: 400;"><span style="font-weight: 400;">réalisation du programme de transformation convenu comprenant la gestion centrale du programme et le respect des échéances fixées ;</span></li>
<li style="font-weight: 400;"><span style="font-weight: 400;">mise en place d&rsquo;une gouvernance permettant le développement et la révision du modèle opérationnel en continu. Le marché étant un environnement en constante évolution, les organisations doivent en effet faire preuve d&rsquo;une capacité d&rsquo;adaptation en conséquence. </span></li>
</ul>

<p>Contexte et défis Pour les entreprises, entamer une réflexion sur leur modèle opérationnel suscite de nombreuses questions : adéquation du modèle opérationnel actuel à l&rsquo;objectif visé, portée du modèle opérationnel, identification des personnes impliquées dans son analyse et sa conception, niveau de détails requis ou, tout simplement, la définition du point de départ de la réflexion. [&hellip;]</p>

<!-- This site is optimized with the Yoast SEO plugin v27.4 - https://yoast.com/product/yoast-seo-wordpress/ -->
<title>Modèle opérationnel - Argon &amp; Co</title>
<meta name="robots" content="index, follow, max-snippet:-1, max-image-preview:large, max-video-preview:-1" />
<link rel="canonical" href="https://www.argonandco.com/fr/expertises/strategie-des-operations/modele-operationnel/" />
<meta property="og:locale" content="fr_FR" />
<meta property="og:type" content="article" />
<meta property="og:title" content="Modèle opérationnel - Argon &amp; Co" />
<meta property="og:description" content="Contexte et défis Pour les entreprises, entamer une réflexion sur leur modèle opérationnel suscite de nombreuses questions : adéquation du modèle opérationnel actuel à l&rsquo;objectif visé, portée du modèle opérationnel, identification des personnes impliquées dans son analyse et sa conception, niveau de détails requis ou, tout simplement, la définition du point de départ de la réflexion. [&hellip;]" />
<meta property="og:url" content="https://www.argonandco.com/fr/expertises/strategie-des-operations/modele-operationnel/" />
<meta property="og:site_name" content="Argon &amp; Co" />
<meta property="article:modified_time" content="2020-03-09T15:32:47+00:00" />
<meta name="twitter:card" content="summary_large_image" />
<meta name="twitter:label1" content="Durée de lecture estimée" />
	<meta name="twitter:data1" content="3 minutes" />
<script type="application/ld+json" class="yoast-schema-graph">{"@context":"https:\/\/schema.org","@graph":[{"@type":"WebPage","@id":"https:\/\/www.argonandco.com\/fr\/expertises\/strategie-des-operations\/modele-operationnel\/","url":"https:\/\/www.argonandco.com\/fr\/expertises\/strategie-des-operations\/modele-operationnel\/","name":"Modèle opérationnel - Argon &amp; Co","isPartOf":{"@id":"https:\/\/www.argonandco.com\/fr\/#website"},"datePublished":"2019-11-27T14:52:45+00:00","dateModified":"2020-03-09T15:32:47+00:00","breadcrumb":{"@id":"https:\/\/www.argonandco.com\/fr\/expertises\/strategie-des-operations\/modele-operationnel\/#breadcrumb"},"inLanguage":"fr-FR","potentialAction":[{"@type":"ReadAction","target":["https:\/\/www.argonandco.com\/fr\/expertises\/strategie-des-operations\/modele-operationnel\/"]}]},{"@type":"BreadcrumbList","@id":"https:\/\/www.argonandco.com\/fr\/expertises\/strategie-des-operations\/modele-operationnel\/#breadcrumb","itemListElement":[{"@type":"ListItem","position":1,"name":"Home","item":"https:\/\/www.argonandco.com\/fr\/"},{"@type":"ListItem","position":2,"name":"Expertises","item":"https:\/\/www.argonandco.com\/fr\/expertises\/"},{"@type":"ListItem","position":3,"name":"Stratégie des opérations","item":"https:\/\/www.argonandco.com\/fr\/expertises\/strategie-des-operations\/"},{"@type":"ListItem","position":4,"name":"Modèle opérationnel"}]},{"@type":"WebSite","@id":"https:\/\/www.argonandco.com\/fr\/#website","url":"https:\/\/www.argonandco.com\/fr\/","name":"Argon &amp; Co","description":"We help clients achieve their strategic and operational objectives, working together to transform their businesses and generate real change.","potentialAction":[{"@type":"SearchAction","target":{"@type":"EntryPoint","urlTemplate":"https:\/\/www.argonandco.com\/fr\/?s={search_term_string}"},"query-input":{"@type":"PropertyValueSpecification","valueRequired":true,"valueName":"search_term_string"}}],"inLanguage":"fr-FR"}]}</script>
<!-- / Yoast SEO plugin. -->

Modèle opérationnel - Argon &amp; Co

Contexte et défis Pour les entreprises, entamer une réflexion sur leur modèle opérationnel suscite de nombreuses questions : adéquation du modèle opérationnel actuel à l&rsquo;objectif visé, portée du modèle opérationnel, identification des personnes impliquées dans son analyse et sa conception, niveau de détails requis ou, tout simplement, la définition du point de départ de la réflexion. [&hellip;]

Stratégie des opérations
