{"id":32921,"date":"2025-06-11T08:42:53","date_gmt":"2025-06-11T07:42:53","guid":{"rendered":"https:\/\/www.argonandco.com\/?post_type=event&#038;p=32921"},"modified":"2025-08-01T11:03:42","modified_gmt":"2025-08-01T10:03:42","slug":"argon-co-before-gala-directeurs-supply-chain-chez-supply-chain-village","status":"publish","type":"event","link":"https:\/\/www.argonandco.com\/fr\/news-insights\/events\/argon-co-before-gala-directeurs-supply-chain-chez-supply-chain-village\/","title":{"rendered":"Argon &#038; Co au Before du Gala des Directeurs de la Supply Chain, chez Supply Chain Village"},"content":{"rendered":"<p>Ev\u00e9nement termin\u00e9 : <a href=\"https:\/\/youtu.be\/Pk8VTqRb4uM?si=AkdEKzr0XQlKvhJr\">visionner le replay<\/a>.<\/p>\n<p>&nbsp;<\/p>\n<p>Le \u00ab Before du Gala Agora Directeurs Supply Chain \u00bb, organis\u00e9 par Supply Chain Village, est une journ\u00e9e de d\u00e9bats qui se d\u00e9roulera le mercredi 18 juin, de 10h00 \u00e0 16h30, en collaboration avec le Gala des Directeurs de la Supply Chain.<\/p>\n<p>Quatre Tables Rondes seront diffus\u00e9es en direct tout au long de cette journ\u00e9e, abordant les th\u00e9matiques suivantes :<\/p>\n<ul>\n<li>Des robots sont de plus en plus pr\u00e9sents dans les entrep\u00f4ts<\/li>\n<li>L&rsquo;immobilier logistique se r\u00e9invente<\/li>\n<li>La gestion optimis\u00e9e du transport<\/li>\n<li>Quelle place accorder \u00e0 l&rsquo;Intelligence Artificielle ?<\/li>\n<\/ul>\n<p>Mathieu de Nodrest, Partner chez Argon &amp; Co, interviendra pour cette derni\u00e8re table ronde au sujet de l&rsquo;Intelligence Artificielle. Aux c\u00f4t\u00e9s de trois directeurs de Supply Chain, ils discuteront des sujets suivants :<\/p>\n<ul>\n<li>Les outils informatiques qui int\u00e8grent de l\u2019IA<\/li>\n<li>L\u2019importance strat\u00e9gique de la data<\/li>\n<li>L\u2019IA g\u00e9n\u00e9rative, pour quoi faire ?<\/li>\n<li>Peut-on pr\u00e9voir l\u2019impr\u00e9visible avec l\u2019IA ?<\/li>\n<li>Quelles limites fixer pour que l\u2019IA ne soit qu\u2019une aide \u00e0 la d\u00e9cision ?<\/li>\n<li>Comment l\u2019IA va transformer la Supply Chain dans les ann\u00e9es \u00e0 venir et comment s\u2019y pr\u00e9parer ?<\/li>\n<\/ul>\n<p>Pour suivre cette Table Ronde en direct et participer aux \u00e9changes en posant vos questions, <a href=\"https:\/\/register.gotowebinar.com\/register\/1364793443796830044\">inscrivez-vous ici<\/a> !<\/p>\n<p>&nbsp;<\/p>\n<p>En savoir plus sur notre offre <a href=\"https:\/\/www.argonandco.com\/fr\/expertises\/data-et-ia\/\">Data &amp; AI<\/a><\/p>\n","protected":false},"featured_media":33056,"template":"","class_list":["post-32921","event","type-event","status-publish","has-post-thumbnail","hentry"],"acf":[],"yoast_head":"<!-- This site is optimized with the Yoast SEO plugin v27.4 - https:\/\/yoast.com\/product\/yoast-seo-wordpress\/ -->\n<title>Argon &amp; Co au Before du Gala des Directeurs de la Supply Chain, chez Supply Chain Village - Argon &amp; Co<\/title>\n<meta name=\"description\" content=\"Before du Gala des Directeurs de Supply Chain chez Supply Chain Village : Mathieu de Nodrest (Argon &amp; Co) discutera de la place de l&#039;IA\" \/>\n<meta name=\"robots\" content=\"index, follow, max-snippet:-1, max-image-preview:large, max-video-preview:-1\" \/>\n<link rel=\"canonical\" href=\"https:\/\/www.argonandco.com\/fr\/news-insights\/events\/argon-co-before-gala-directeurs-supply-chain-chez-supply-chain-village\/\" \/>\n<meta property=\"og:locale\" content=\"fr_FR\" \/>\n<meta property=\"og:type\" content=\"article\" \/>\n<meta property=\"og:title\" content=\"Argon &amp; Co au Before du Gala des Directeurs de la Supply Chain, chez Supply Chain Village - Argon &amp; Co\" \/>\n<meta property=\"og:description\" content=\"Before du Gala des Directeurs de Supply Chain chez Supply Chain Village : Mathieu de Nodrest (Argon &amp; Co) discutera de la place de l&#039;IA\" \/>\n<meta property=\"og:url\" content=\"https:\/\/www.argonandco.com\/fr\/news-insights\/events\/argon-co-before-gala-directeurs-supply-chain-chez-supply-chain-village\/\" \/>\n<meta property=\"og:site_name\" content=\"Argon &amp; Co\" \/>\n<meta property=\"article:modified_time\" content=\"2025-08-01T10:03:42+00:00\" \/>\n<meta property=\"og:image\" content=\"https:\/\/www.argonandco.com\/wp-content\/uploads\/2025\/06\/iStock-1467553327-scaled.jpg\" \/>\n\t<meta property=\"og:image:width\" content=\"2560\" \/>\n\t<meta property=\"og:image:height\" content=\"1707\" \/>\n\t<meta property=\"og:image:type\" content=\"image\/jpeg\" \/>\n<meta name=\"twitter:card\" content=\"summary_large_image\" \/>\n<meta name=\"twitter:label1\" content=\"Dur\u00e9e de lecture estim\u00e9e\" \/>\n\t<meta name=\"twitter:data1\" content=\"1 minute\" \/>\n<script type=\"application\/ld+json\" class=\"yoast-schema-graph\">{\"@context\":\"https:\\\/\\\/schema.org\",\"@graph\":[{\"@type\":\"WebPage\",\"@id\":\"https:\\\/\\\/www.argonandco.com\\\/fr\\\/news-insights\\\/events\\\/argon-co-before-gala-directeurs-supply-chain-chez-supply-chain-village\\\/\",\"url\":\"https:\\\/\\\/www.argonandco.com\\\/fr\\\/news-insights\\\/events\\\/argon-co-before-gala-directeurs-supply-chain-chez-supply-chain-village\\\/\",\"name\":\"Argon & Co au Before du Gala des Directeurs de la Supply Chain, chez Supply Chain Village - Argon &amp; Co\",\"isPartOf\":{\"@id\":\"https:\\\/\\\/www.argonandco.com\\\/fr\\\/#website\"},\"primaryImageOfPage\":{\"@id\":\"https:\\\/\\\/www.argonandco.com\\\/fr\\\/news-insights\\\/events\\\/argon-co-before-gala-directeurs-supply-chain-chez-supply-chain-village\\\/#primaryimage\"},\"image\":{\"@id\":\"https:\\\/\\\/www.argonandco.com\\\/fr\\\/news-insights\\\/events\\\/argon-co-before-gala-directeurs-supply-chain-chez-supply-chain-village\\\/#primaryimage\"},\"thumbnailUrl\":\"https:\\\/\\\/www.argonandco.com\\\/wp-content\\\/uploads\\\/2025\\\/06\\\/iStock-1467553327-scaled.jpg\",\"datePublished\":\"2025-06-11T07:42:53+00:00\",\"dateModified\":\"2025-08-01T10:03:42+00:00\",\"description\":\"Before du Gala des Directeurs de Supply Chain chez Supply Chain Village : Mathieu de Nodrest (Argon & Co) discutera de la place de l'IA\",\"breadcrumb\":{\"@id\":\"https:\\\/\\\/www.argonandco.com\\\/fr\\\/news-insights\\\/events\\\/argon-co-before-gala-directeurs-supply-chain-chez-supply-chain-village\\\/#breadcrumb\"},\"inLanguage\":\"fr-FR\",\"potentialAction\":[{\"@type\":\"ReadAction\",\"target\":[\"https:\\\/\\\/www.argonandco.com\\\/fr\\\/news-insights\\\/events\\\/argon-co-before-gala-directeurs-supply-chain-chez-supply-chain-village\\\/\"]}]},{\"@type\":\"ImageObject\",\"inLanguage\":\"fr-FR\",\"@id\":\"https:\\\/\\\/www.argonandco.com\\\/fr\\\/news-insights\\\/events\\\/argon-co-before-gala-directeurs-supply-chain-chez-supply-chain-village\\\/#primaryimage\",\"url\":\"https:\\\/\\\/www.argonandco.com\\\/wp-content\\\/uploads\\\/2025\\\/06\\\/iStock-1467553327-scaled.jpg\",\"contentUrl\":\"https:\\\/\\\/www.argonandco.com\\\/wp-content\\\/uploads\\\/2025\\\/06\\\/iStock-1467553327-scaled.jpg\",\"width\":2560,\"height\":1707,\"caption\":\"Futuristic smart warehouse and logistics concept, Warehouse staff working on data seeking with hologram virtual interface searching panel of global logistics network distribution and transportation center\"},{\"@type\":\"BreadcrumbList\",\"@id\":\"https:\\\/\\\/www.argonandco.com\\\/fr\\\/news-insights\\\/events\\\/argon-co-before-gala-directeurs-supply-chain-chez-supply-chain-village\\\/#breadcrumb\",\"itemListElement\":[{\"@type\":\"ListItem\",\"position\":1,\"name\":\"Home\",\"item\":\"https:\\\/\\\/www.argonandco.com\\\/fr\\\/\"},{\"@type\":\"ListItem\",\"position\":2,\"name\":\"Events\",\"item\":\"https:\\\/\\\/www.argonandco.com\\\/fr\\\/news-insights\\\/events\\\/\"},{\"@type\":\"ListItem\",\"position\":3,\"name\":\"Argon &#038; Co au Before du Gala des Directeurs de la Supply Chain, chez Supply Chain Village\"}]},{\"@type\":\"WebSite\",\"@id\":\"https:\\\/\\\/www.argonandco.com\\\/fr\\\/#website\",\"url\":\"https:\\\/\\\/www.argonandco.com\\\/fr\\\/\",\"name\":\"Argon &amp; Co\",\"description\":\"We help clients achieve their strategic and operational objectives, working together to transform their businesses and generate real change.\",\"potentialAction\":[{\"@type\":\"SearchAction\",\"target\":{\"@type\":\"EntryPoint\",\"urlTemplate\":\"https:\\\/\\\/www.argonandco.com\\\/fr\\\/?s={search_term_string}\"},\"query-input\":{\"@type\":\"PropertyValueSpecification\",\"valueRequired\":true,\"valueName\":\"search_term_string\"}}],\"inLanguage\":\"fr-FR\"}]}<\/script>\n<!-- \/ Yoast SEO plugin. -->","yoast_head_json":{"title":"Argon & Co au Before du Gala des Directeurs de la Supply Chain, chez Supply Chain Village - Argon &amp; Co","description":"Before du Gala des Directeurs de Supply Chain chez Supply Chain Village : Mathieu de Nodrest (Argon & Co) discutera de la place de l'IA","robots":{"index":"index","follow":"follow","max-snippet":"max-snippet:-1","max-image-preview":"max-image-preview:large","max-video-preview":"max-video-preview:-1"},"canonical":"https:\/\/www.argonandco.com\/fr\/news-insights\/events\/argon-co-before-gala-directeurs-supply-chain-chez-supply-chain-village\/","og_locale":"fr_FR","og_type":"article","og_title":"Argon & Co au Before du Gala des Directeurs de la Supply Chain, chez Supply Chain Village - Argon &amp; Co","og_description":"Before du Gala des Directeurs de Supply Chain chez Supply Chain Village : Mathieu de Nodrest (Argon & Co) discutera de la place de l'IA","og_url":"https:\/\/www.argonandco.com\/fr\/news-insights\/events\/argon-co-before-gala-directeurs-supply-chain-chez-supply-chain-village\/","og_site_name":"Argon &amp; Co","article_modified_time":"2025-08-01T10:03:42+00:00","og_image":[{"width":2560,"height":1707,"url":"https:\/\/www.argonandco.com\/wp-content\/uploads\/2025\/06\/iStock-1467553327-scaled.jpg","type":"image\/jpeg"}],"twitter_card":"summary_large_image","twitter_misc":{"Dur\u00e9e de lecture estim\u00e9e":"1 minute"},"schema":{"@context":"https:\/\/schema.org","@graph":[{"@type":"WebPage","@id":"https:\/\/www.argonandco.com\/fr\/news-insights\/events\/argon-co-before-gala-directeurs-supply-chain-chez-supply-chain-village\/","url":"https:\/\/www.argonandco.com\/fr\/news-insights\/events\/argon-co-before-gala-directeurs-supply-chain-chez-supply-chain-village\/","name":"Argon & Co au Before du Gala des Directeurs de la Supply Chain, chez Supply Chain Village - Argon &amp; Co","isPartOf":{"@id":"https:\/\/www.argonandco.com\/fr\/#website"},"primaryImageOfPage":{"@id":"https:\/\/www.argonandco.com\/fr\/news-insights\/events\/argon-co-before-gala-directeurs-supply-chain-chez-supply-chain-village\/#primaryimage"},"image":{"@id":"https:\/\/www.argonandco.com\/fr\/news-insights\/events\/argon-co-before-gala-directeurs-supply-chain-chez-supply-chain-village\/#primaryimage"},"thumbnailUrl":"https:\/\/www.argonandco.com\/wp-content\/uploads\/2025\/06\/iStock-1467553327-scaled.jpg","datePublished":"2025-06-11T07:42:53+00:00","dateModified":"2025-08-01T10:03:42+00:00","description":"Before du Gala des Directeurs de Supply Chain chez Supply Chain Village : Mathieu de Nodrest (Argon & Co) discutera de la place de l'IA","breadcrumb":{"@id":"https:\/\/www.argonandco.com\/fr\/news-insights\/events\/argon-co-before-gala-directeurs-supply-chain-chez-supply-chain-village\/#breadcrumb"},"inLanguage":"fr-FR","potentialAction":[{"@type":"ReadAction","target":["https:\/\/www.argonandco.com\/fr\/news-insights\/events\/argon-co-before-gala-directeurs-supply-chain-chez-supply-chain-village\/"]}]},{"@type":"ImageObject","inLanguage":"fr-FR","@id":"https:\/\/www.argonandco.com\/fr\/news-insights\/events\/argon-co-before-gala-directeurs-supply-chain-chez-supply-chain-village\/#primaryimage","url":"https:\/\/www.argonandco.com\/wp-content\/uploads\/2025\/06\/iStock-1467553327-scaled.jpg","contentUrl":"https:\/\/www.argonandco.com\/wp-content\/uploads\/2025\/06\/iStock-1467553327-scaled.jpg","width":2560,"height":1707,"caption":"Futuristic smart warehouse and logistics concept, Warehouse staff working on data seeking with hologram virtual interface searching panel of global logistics network distribution and transportation center"},{"@type":"BreadcrumbList","@id":"https:\/\/www.argonandco.com\/fr\/news-insights\/events\/argon-co-before-gala-directeurs-supply-chain-chez-supply-chain-village\/#breadcrumb","itemListElement":[{"@type":"ListItem","position":1,"name":"Home","item":"https:\/\/www.argonandco.com\/fr\/"},{"@type":"ListItem","position":2,"name":"Events","item":"https:\/\/www.argonandco.com\/fr\/news-insights\/events\/"},{"@type":"ListItem","position":3,"name":"Argon &#038; Co au Before du Gala des Directeurs de la Supply Chain, chez Supply Chain Village"}]},{"@type":"WebSite","@id":"https:\/\/www.argonandco.com\/fr\/#website","url":"https:\/\/www.argonandco.com\/fr\/","name":"Argon &amp; Co","description":"We help clients achieve their strategic and operational objectives, working together to transform their businesses and generate real change.","potentialAction":[{"@type":"SearchAction","target":{"@type":"EntryPoint","urlTemplate":"https:\/\/www.argonandco.com\/fr\/?s={search_term_string}"},"query-input":{"@type":"PropertyValueSpecification","valueRequired":true,"valueName":"search_term_string"}}],"inLanguage":"fr-FR"}]}},"_links":{"self":[{"href":"https:\/\/www.argonandco.com\/fr\/wp-json\/wp\/v2\/event\/32921","targetHints":{"allow":["GET"]}}],"collection":[{"href":"https:\/\/www.argonandco.com\/fr\/wp-json\/wp\/v2\/event"}],"about":[{"href":"https:\/\/www.argonandco.com\/fr\/wp-json\/wp\/v2\/types\/event"}],"version-history":[{"count":0,"href":"https:\/\/www.argonandco.com\/fr\/wp-json\/wp\/v2\/event\/32921\/revisions"}],"wp:featuredmedia":[{"embeddable":true,"href":"https:\/\/www.argonandco.com\/fr\/wp-json\/wp\/v2\/media\/33056"}],"wp:attachment":[{"href":"https:\/\/www.argonandco.com\/fr\/wp-json\/wp\/v2\/media?parent=32921"}],"curies":[{"name":"wp","href":"https:\/\/api.w.org\/{rel}","templated":true}]}}

<p>Evénement terminé : <a href="https://youtu.be/Pk8VTqRb4uM?si=AkdEKzr0XQlKvhJr">visionner le replay</a>.</p>
<p>&nbsp;</p>
<p>Le « Before du Gala Agora Directeurs Supply Chain », organisé par Supply Chain Village, est une journée de débats qui se déroulera le mercredi 18 juin, de 10h00 à 16h30, en collaboration avec le Gala des Directeurs de la Supply Chain.</p>
<p>Quatre Tables Rondes seront diffusées en direct tout au long de cette journée, abordant les thématiques suivantes :</p>
<ul>
<li>Des robots sont de plus en plus présents dans les entrepôts</li>
<li>L&rsquo;immobilier logistique se réinvente</li>
<li>La gestion optimisée du transport</li>
<li>Quelle place accorder à l&rsquo;Intelligence Artificielle ?</li>
</ul>
<p>Mathieu de Nodrest, Partner chez Argon &amp; Co, interviendra pour cette dernière table ronde au sujet de l&rsquo;Intelligence Artificielle. Aux côtés de trois directeurs de Supply Chain, ils discuteront des sujets suivants :</p>
<ul>
<li>Les outils informatiques qui intègrent de l’IA</li>
<li>L’importance stratégique de la data</li>
<li>L’IA générative, pour quoi faire ?</li>
<li>Peut-on prévoir l’imprévisible avec l’IA ?</li>
<li>Quelles limites fixer pour que l’IA ne soit qu’une aide à la décision ?</li>
<li>Comment l’IA va transformer la Supply Chain dans les années à venir et comment s’y préparer ?</li>
</ul>
<p>Pour suivre cette Table Ronde en direct et participer aux échanges en posant vos questions, <a href="https://register.gotowebinar.com/register/1364793443796830044">inscrivez-vous ici</a> !</p>
<p>&nbsp;</p>
<p>En savoir plus sur notre offre <a href="https://www.argonandco.com/fr/expertises/data-et-ia/">Data &amp; AI</a></p>

<!-- This site is optimized with the Yoast SEO plugin v27.4 - https://yoast.com/product/yoast-seo-wordpress/ -->
<title>Argon &amp; Co au Before du Gala des Directeurs de la Supply Chain, chez Supply Chain Village - Argon &amp; Co</title>
<meta name="description" content="Before du Gala des Directeurs de Supply Chain chez Supply Chain Village : Mathieu de Nodrest (Argon &amp; Co) discutera de la place de l&#039;IA" />
<meta name="robots" content="index, follow, max-snippet:-1, max-image-preview:large, max-video-preview:-1" />
<link rel="canonical" href="https://www.argonandco.com/fr/news-insights/events/argon-co-before-gala-directeurs-supply-chain-chez-supply-chain-village/" />
<meta property="og:locale" content="fr_FR" />
<meta property="og:type" content="article" />
<meta property="og:title" content="Argon &amp; Co au Before du Gala des Directeurs de la Supply Chain, chez Supply Chain Village - Argon &amp; Co" />
<meta property="og:description" content="Before du Gala des Directeurs de Supply Chain chez Supply Chain Village : Mathieu de Nodrest (Argon &amp; Co) discutera de la place de l&#039;IA" />
<meta property="og:url" content="https://www.argonandco.com/fr/news-insights/events/argon-co-before-gala-directeurs-supply-chain-chez-supply-chain-village/" />
<meta property="og:site_name" content="Argon &amp; Co" />
<meta property="article:modified_time" content="2025-08-01T10:03:42+00:00" />
<meta property="og:image" content="https://www.argonandco.com/wp-content/uploads/2025/06/iStock-1467553327-scaled.jpg" />
	<meta property="og:image:width" content="2560" />
	<meta property="og:image:height" content="1707" />
	<meta property="og:image:type" content="image/jpeg" />
<meta name="twitter:card" content="summary_large_image" />
<meta name="twitter:label1" content="Durée de lecture estimée" />
	<meta name="twitter:data1" content="1 minute" />
<script type="application/ld+json" class="yoast-schema-graph">{"@context":"https:\/\/schema.org","@graph":[{"@type":"WebPage","@id":"https:\/\/www.argonandco.com\/fr\/news-insights\/events\/argon-co-before-gala-directeurs-supply-chain-chez-supply-chain-village\/","url":"https:\/\/www.argonandco.com\/fr\/news-insights\/events\/argon-co-before-gala-directeurs-supply-chain-chez-supply-chain-village\/","name":"Argon & Co au Before du Gala des Directeurs de la Supply Chain, chez Supply Chain Village - Argon &amp; Co","isPartOf":{"@id":"https:\/\/www.argonandco.com\/fr\/#website"},"primaryImageOfPage":{"@id":"https:\/\/www.argonandco.com\/fr\/news-insights\/events\/argon-co-before-gala-directeurs-supply-chain-chez-supply-chain-village\/#primaryimage"},"image":{"@id":"https:\/\/www.argonandco.com\/fr\/news-insights\/events\/argon-co-before-gala-directeurs-supply-chain-chez-supply-chain-village\/#primaryimage"},"thumbnailUrl":"https:\/\/www.argonandco.com\/wp-content\/uploads\/2025\/06\/iStock-1467553327-scaled.jpg","datePublished":"2025-06-11T07:42:53+00:00","dateModified":"2025-08-01T10:03:42+00:00","description":"Before du Gala des Directeurs de Supply Chain chez Supply Chain Village : Mathieu de Nodrest (Argon & Co) discutera de la place de l'IA","breadcrumb":{"@id":"https:\/\/www.argonandco.com\/fr\/news-insights\/events\/argon-co-before-gala-directeurs-supply-chain-chez-supply-chain-village\/#breadcrumb"},"inLanguage":"fr-FR","potentialAction":[{"@type":"ReadAction","target":["https:\/\/www.argonandco.com\/fr\/news-insights\/events\/argon-co-before-gala-directeurs-supply-chain-chez-supply-chain-village\/"]}]},{"@type":"ImageObject","inLanguage":"fr-FR","@id":"https:\/\/www.argonandco.com\/fr\/news-insights\/events\/argon-co-before-gala-directeurs-supply-chain-chez-supply-chain-village\/#primaryimage","url":"https:\/\/www.argonandco.com\/wp-content\/uploads\/2025\/06\/iStock-1467553327-scaled.jpg","contentUrl":"https:\/\/www.argonandco.com\/wp-content\/uploads\/2025\/06\/iStock-1467553327-scaled.jpg","width":2560,"height":1707,"caption":"Futuristic smart warehouse and logistics concept, Warehouse staff working on data seeking with hologram virtual interface searching panel of global logistics network distribution and transportation center"},{"@type":"BreadcrumbList","@id":"https:\/\/www.argonandco.com\/fr\/news-insights\/events\/argon-co-before-gala-directeurs-supply-chain-chez-supply-chain-village\/#breadcrumb","itemListElement":[{"@type":"ListItem","position":1,"name":"Home","item":"https:\/\/www.argonandco.com\/fr\/"},{"@type":"ListItem","position":2,"name":"Events","item":"https:\/\/www.argonandco.com\/fr\/news-insights\/events\/"},{"@type":"ListItem","position":3,"name":"Argon &#038; Co au Before du Gala des Directeurs de la Supply Chain, chez Supply Chain Village"}]},{"@type":"WebSite","@id":"https:\/\/www.argonandco.com\/fr\/#website","url":"https:\/\/www.argonandco.com\/fr\/","name":"Argon &amp; Co","description":"We help clients achieve their strategic and operational objectives, working together to transform their businesses and generate real change.","potentialAction":[{"@type":"SearchAction","target":{"@type":"EntryPoint","urlTemplate":"https:\/\/www.argonandco.com\/fr\/?s={search_term_string}"},"query-input":{"@type":"PropertyValueSpecification","valueRequired":true,"valueName":"search_term_string"}}],"inLanguage":"fr-FR"}]}</script>
<!-- / Yoast SEO plugin. -->
