{"id":19625,"date":"2022-05-17T14:23:42","date_gmt":"2022-05-17T13:23:42","guid":{"rendered":"https:\/\/www.argonandco.com\/?post_type=event&#038;p=19625"},"modified":"2022-05-17T14:23:42","modified_gmt":"2022-05-17T13:23:42","slug":"webinar-replay-la-voix-des-experts-le-changement-climatique-par-le-shift-project","status":"publish","type":"event","link":"https:\/\/www.argonandco.com\/fr\/news-insights\/events\/webinar-replay-la-voix-des-experts-le-changement-climatique-par-le-shift-project\/","title":{"rendered":"Webinar : Replay &#8211; La voix des experts &#8211; Le changement climatique par le Shift Project"},"content":{"rendered":"<p>Apr\u00e8s le succ\u00e8s de son premier webinaire de sa s\u00e9rie \u00ab la voix des experts \u00bb Argon &amp; Co a tenu il y a quelques jours sa deuxi\u00e8me \u00e9dition sur le th\u00e8me du changement climatique.<\/p>\n<p>Un \u00e9clairage et une sensibilisation apport\u00e9 par The Shift Project, un think tank cr\u00e9\u00e9 en 2010, qui \u0153uvre en faveur d\u2019une \u00e9conomie lib\u00e9r\u00e9e de la contrainte carbone.<\/p>\n<p>D\u00e9couvrez les temps forts dans la vid\u00e9o ci-dessous<\/p>\n<div align=\"center\">\n<p><iframe loading=\"lazy\" title=\"YouTube video player\" src=\"https:\/\/www.youtube.com\/embed\/3hxqVsjDCtk\" width=\"560\" height=\"315\" frameborder=\"0\" allowfullscreen=\"allowfullscreen\"><\/iframe><\/p>\n<\/div>\n","protected":false},"featured_media":19627,"template":"","class_list":["post-19625","event","type-event","status-publish","has-post-thumbnail","hentry"],"acf":[],"yoast_head":"<!-- This site is optimized with the Yoast SEO plugin v27.5 - https:\/\/yoast.com\/product\/yoast-seo-wordpress\/ -->\n<title>Webinar : Replay - La voix des experts - Le changement climatique par le Shift Project - Argon &amp; Co<\/title>\n<meta name=\"robots\" content=\"index, follow, max-snippet:-1, max-image-preview:large, max-video-preview:-1\" \/>\n<link rel=\"canonical\" href=\"https:\/\/www.argonandco.com\/fr\/news-insights\/events\/webinar-replay-la-voix-des-experts-le-changement-climatique-par-le-shift-project\/\" \/>\n<meta property=\"og:locale\" content=\"fr_FR\" \/>\n<meta property=\"og:type\" content=\"article\" \/>\n<meta property=\"og:title\" content=\"Webinar : Replay - La voix des experts - Le changement climatique par le Shift Project - Argon &amp; Co\" \/>\n<meta property=\"og:description\" content=\"Apr\u00e8s le succ\u00e8s de son premier webinaire de sa s\u00e9rie \u00ab la voix des experts \u00bb Argon &amp; Co a tenu il y a quelques jours sa deuxi\u00e8me \u00e9dition sur le th\u00e8me du changement climatique. Un \u00e9clairage et une sensibilisation apport\u00e9 par The Shift Project, un think tank cr\u00e9\u00e9 en 2010, qui \u0153uvre en faveur [&hellip;]\" \/>\n<meta property=\"og:url\" content=\"https:\/\/www.argonandco.com\/fr\/news-insights\/events\/webinar-replay-la-voix-des-experts-le-changement-climatique-par-le-shift-project\/\" \/>\n<meta property=\"og:site_name\" content=\"Argon &amp; Co\" \/>\n<meta property=\"og:image\" content=\"https:\/\/www.argonandco.com\/wp-content\/uploads\/2022\/05\/argon_and_co_climate_change.jpg\" \/>\n\t<meta property=\"og:image:width\" content=\"1365\" \/>\n\t<meta property=\"og:image:height\" content=\"768\" \/>\n\t<meta property=\"og:image:type\" content=\"image\/jpeg\" \/>\n<meta name=\"twitter:card\" content=\"summary_large_image\" \/>\n<meta name=\"twitter:label1\" content=\"Dur\u00e9e de lecture estim\u00e9e\" \/>\n\t<meta name=\"twitter:data1\" content=\"1 minute\" \/>\n<script type=\"application\/ld+json\" class=\"yoast-schema-graph\">{\"@context\":\"https:\\\/\\\/schema.org\",\"@graph\":[{\"@type\":\"WebPage\",\"@id\":\"https:\\\/\\\/www.argonandco.com\\\/fr\\\/news-insights\\\/events\\\/webinar-replay-la-voix-des-experts-le-changement-climatique-par-le-shift-project\\\/\",\"url\":\"https:\\\/\\\/www.argonandco.com\\\/fr\\\/news-insights\\\/events\\\/webinar-replay-la-voix-des-experts-le-changement-climatique-par-le-shift-project\\\/\",\"name\":\"Webinar : Replay - La voix des experts - Le changement climatique par le Shift Project - Argon &amp; Co\",\"isPartOf\":{\"@id\":\"https:\\\/\\\/www.argonandco.com\\\/fr\\\/#website\"},\"primaryImageOfPage\":{\"@id\":\"https:\\\/\\\/www.argonandco.com\\\/fr\\\/news-insights\\\/events\\\/webinar-replay-la-voix-des-experts-le-changement-climatique-par-le-shift-project\\\/#primaryimage\"},\"image\":{\"@id\":\"https:\\\/\\\/www.argonandco.com\\\/fr\\\/news-insights\\\/events\\\/webinar-replay-la-voix-des-experts-le-changement-climatique-par-le-shift-project\\\/#primaryimage\"},\"thumbnailUrl\":\"https:\\\/\\\/www.argonandco.com\\\/wp-content\\\/uploads\\\/2022\\\/05\\\/argon_and_co_climate_change.jpg\",\"datePublished\":\"2022-05-17T13:23:42+00:00\",\"breadcrumb\":{\"@id\":\"https:\\\/\\\/www.argonandco.com\\\/fr\\\/news-insights\\\/events\\\/webinar-replay-la-voix-des-experts-le-changement-climatique-par-le-shift-project\\\/#breadcrumb\"},\"inLanguage\":\"fr-FR\",\"potentialAction\":[{\"@type\":\"ReadAction\",\"target\":[\"https:\\\/\\\/www.argonandco.com\\\/fr\\\/news-insights\\\/events\\\/webinar-replay-la-voix-des-experts-le-changement-climatique-par-le-shift-project\\\/\"]}]},{\"@type\":\"ImageObject\",\"inLanguage\":\"fr-FR\",\"@id\":\"https:\\\/\\\/www.argonandco.com\\\/fr\\\/news-insights\\\/events\\\/webinar-replay-la-voix-des-experts-le-changement-climatique-par-le-shift-project\\\/#primaryimage\",\"url\":\"https:\\\/\\\/www.argonandco.com\\\/wp-content\\\/uploads\\\/2022\\\/05\\\/argon_and_co_climate_change.jpg\",\"contentUrl\":\"https:\\\/\\\/www.argonandco.com\\\/wp-content\\\/uploads\\\/2022\\\/05\\\/argon_and_co_climate_change.jpg\",\"width\":1365,\"height\":768,\"caption\":\"A lake in the shape of the world's continents in the middle of untouched nature. A metaphor for ecological travel, conservation, climate change, global warming and the fragility of nature.3d rendering\"},{\"@type\":\"BreadcrumbList\",\"@id\":\"https:\\\/\\\/www.argonandco.com\\\/fr\\\/news-insights\\\/events\\\/webinar-replay-la-voix-des-experts-le-changement-climatique-par-le-shift-project\\\/#breadcrumb\",\"itemListElement\":[{\"@type\":\"ListItem\",\"position\":1,\"name\":\"Home\",\"item\":\"https:\\\/\\\/www.argonandco.com\\\/fr\\\/\"},{\"@type\":\"ListItem\",\"position\":2,\"name\":\"Events\",\"item\":\"https:\\\/\\\/www.argonandco.com\\\/fr\\\/news-insights\\\/events\\\/\"},{\"@type\":\"ListItem\",\"position\":3,\"name\":\"Webinar : Replay &#8211; La voix des experts &#8211; Le changement climatique par le Shift Project\"}]},{\"@type\":\"WebSite\",\"@id\":\"https:\\\/\\\/www.argonandco.com\\\/fr\\\/#website\",\"url\":\"https:\\\/\\\/www.argonandco.com\\\/fr\\\/\",\"name\":\"Argon &amp; Co\",\"description\":\"We help clients achieve their strategic and operational objectives, working together to transform their businesses and generate real change.\",\"potentialAction\":[{\"@type\":\"SearchAction\",\"target\":{\"@type\":\"EntryPoint\",\"urlTemplate\":\"https:\\\/\\\/www.argonandco.com\\\/fr\\\/?s={search_term_string}\"},\"query-input\":{\"@type\":\"PropertyValueSpecification\",\"valueRequired\":true,\"valueName\":\"search_term_string\"}}],\"inLanguage\":\"fr-FR\"}]}<\/script>\n<!-- \/ Yoast SEO plugin. -->","yoast_head_json":{"title":"Webinar : Replay - La voix des experts - Le changement climatique par le Shift Project - Argon &amp; Co","robots":{"index":"index","follow":"follow","max-snippet":"max-snippet:-1","max-image-preview":"max-image-preview:large","max-video-preview":"max-video-preview:-1"},"canonical":"https:\/\/www.argonandco.com\/fr\/news-insights\/events\/webinar-replay-la-voix-des-experts-le-changement-climatique-par-le-shift-project\/","og_locale":"fr_FR","og_type":"article","og_title":"Webinar : Replay - La voix des experts - Le changement climatique par le Shift Project - Argon &amp; Co","og_description":"Apr\u00e8s le succ\u00e8s de son premier webinaire de sa s\u00e9rie \u00ab la voix des experts \u00bb Argon &amp; Co a tenu il y a quelques jours sa deuxi\u00e8me \u00e9dition sur le th\u00e8me du changement climatique. Un \u00e9clairage et une sensibilisation apport\u00e9 par The Shift Project, un think tank cr\u00e9\u00e9 en 2010, qui \u0153uvre en faveur [&hellip;]","og_url":"https:\/\/www.argonandco.com\/fr\/news-insights\/events\/webinar-replay-la-voix-des-experts-le-changement-climatique-par-le-shift-project\/","og_site_name":"Argon &amp; Co","og_image":[{"width":1365,"height":768,"url":"https:\/\/www.argonandco.com\/wp-content\/uploads\/2022\/05\/argon_and_co_climate_change.jpg","type":"image\/jpeg"}],"twitter_card":"summary_large_image","twitter_misc":{"Dur\u00e9e de lecture estim\u00e9e":"1 minute"},"schema":{"@context":"https:\/\/schema.org","@graph":[{"@type":"WebPage","@id":"https:\/\/www.argonandco.com\/fr\/news-insights\/events\/webinar-replay-la-voix-des-experts-le-changement-climatique-par-le-shift-project\/","url":"https:\/\/www.argonandco.com\/fr\/news-insights\/events\/webinar-replay-la-voix-des-experts-le-changement-climatique-par-le-shift-project\/","name":"Webinar : Replay - La voix des experts - Le changement climatique par le Shift Project - Argon &amp; Co","isPartOf":{"@id":"https:\/\/www.argonandco.com\/fr\/#website"},"primaryImageOfPage":{"@id":"https:\/\/www.argonandco.com\/fr\/news-insights\/events\/webinar-replay-la-voix-des-experts-le-changement-climatique-par-le-shift-project\/#primaryimage"},"image":{"@id":"https:\/\/www.argonandco.com\/fr\/news-insights\/events\/webinar-replay-la-voix-des-experts-le-changement-climatique-par-le-shift-project\/#primaryimage"},"thumbnailUrl":"https:\/\/www.argonandco.com\/wp-content\/uploads\/2022\/05\/argon_and_co_climate_change.jpg","datePublished":"2022-05-17T13:23:42+00:00","breadcrumb":{"@id":"https:\/\/www.argonandco.com\/fr\/news-insights\/events\/webinar-replay-la-voix-des-experts-le-changement-climatique-par-le-shift-project\/#breadcrumb"},"inLanguage":"fr-FR","potentialAction":[{"@type":"ReadAction","target":["https:\/\/www.argonandco.com\/fr\/news-insights\/events\/webinar-replay-la-voix-des-experts-le-changement-climatique-par-le-shift-project\/"]}]},{"@type":"ImageObject","inLanguage":"fr-FR","@id":"https:\/\/www.argonandco.com\/fr\/news-insights\/events\/webinar-replay-la-voix-des-experts-le-changement-climatique-par-le-shift-project\/#primaryimage","url":"https:\/\/www.argonandco.com\/wp-content\/uploads\/2022\/05\/argon_and_co_climate_change.jpg","contentUrl":"https:\/\/www.argonandco.com\/wp-content\/uploads\/2022\/05\/argon_and_co_climate_change.jpg","width":1365,"height":768,"caption":"A lake in the shape of the world's continents in the middle of untouched nature. A metaphor for ecological travel, conservation, climate change, global warming and the fragility of nature.3d rendering"},{"@type":"BreadcrumbList","@id":"https:\/\/www.argonandco.com\/fr\/news-insights\/events\/webinar-replay-la-voix-des-experts-le-changement-climatique-par-le-shift-project\/#breadcrumb","itemListElement":[{"@type":"ListItem","position":1,"name":"Home","item":"https:\/\/www.argonandco.com\/fr\/"},{"@type":"ListItem","position":2,"name":"Events","item":"https:\/\/www.argonandco.com\/fr\/news-insights\/events\/"},{"@type":"ListItem","position":3,"name":"Webinar : Replay &#8211; La voix des experts &#8211; Le changement climatique par le Shift Project"}]},{"@type":"WebSite","@id":"https:\/\/www.argonandco.com\/fr\/#website","url":"https:\/\/www.argonandco.com\/fr\/","name":"Argon &amp; Co","description":"We help clients achieve their strategic and operational objectives, working together to transform their businesses and generate real change.","potentialAction":[{"@type":"SearchAction","target":{"@type":"EntryPoint","urlTemplate":"https:\/\/www.argonandco.com\/fr\/?s={search_term_string}"},"query-input":{"@type":"PropertyValueSpecification","valueRequired":true,"valueName":"search_term_string"}}],"inLanguage":"fr-FR"}]}},"_links":{"self":[{"href":"https:\/\/www.argonandco.com\/fr\/wp-json\/wp\/v2\/event\/19625","targetHints":{"allow":["GET"]}}],"collection":[{"href":"https:\/\/www.argonandco.com\/fr\/wp-json\/wp\/v2\/event"}],"about":[{"href":"https:\/\/www.argonandco.com\/fr\/wp-json\/wp\/v2\/types\/event"}],"version-history":[{"count":0,"href":"https:\/\/www.argonandco.com\/fr\/wp-json\/wp\/v2\/event\/19625\/revisions"}],"wp:featuredmedia":[{"embeddable":true,"href":"https:\/\/www.argonandco.com\/fr\/wp-json\/wp\/v2\/media\/19627"}],"wp:attachment":[{"href":"https:\/\/www.argonandco.com\/fr\/wp-json\/wp\/v2\/media?parent=19625"}],"curies":[{"name":"wp","href":"https:\/\/api.w.org\/{rel}","templated":true}]}}

<p>Après le succès de son premier webinaire de sa série « la voix des experts » Argon &amp; Co a tenu il y a quelques jours sa deuxième édition sur le thème du changement climatique.</p>
<p>Un éclairage et une sensibilisation apporté par The Shift Project, un think tank créé en 2010, qui œuvre en faveur d’une économie libérée de la contrainte carbone.</p>
<p>Découvrez les temps forts dans la vidéo ci-dessous</p>
<div align="center">
<p><iframe loading="lazy" title="YouTube video player" src="https://www.youtube.com/embed/3hxqVsjDCtk" width="560" height="315" frameborder="0" allowfullscreen="allowfullscreen"></iframe></p>
</div>

<!-- This site is optimized with the Yoast SEO plugin v27.5 - https://yoast.com/product/yoast-seo-wordpress/ -->
<title>Webinar : Replay - La voix des experts - Le changement climatique par le Shift Project - Argon &amp; Co</title>
<meta name="robots" content="index, follow, max-snippet:-1, max-image-preview:large, max-video-preview:-1" />
<link rel="canonical" href="https://www.argonandco.com/fr/news-insights/events/webinar-replay-la-voix-des-experts-le-changement-climatique-par-le-shift-project/" />
<meta property="og:locale" content="fr_FR" />
<meta property="og:type" content="article" />
<meta property="og:title" content="Webinar : Replay - La voix des experts - Le changement climatique par le Shift Project - Argon &amp; Co" />
<meta property="og:description" content="Après le succès de son premier webinaire de sa série « la voix des experts » Argon &amp; Co a tenu il y a quelques jours sa deuxième édition sur le thème du changement climatique. Un éclairage et une sensibilisation apporté par The Shift Project, un think tank créé en 2010, qui œuvre en faveur [&hellip;]" />
<meta property="og:url" content="https://www.argonandco.com/fr/news-insights/events/webinar-replay-la-voix-des-experts-le-changement-climatique-par-le-shift-project/" />
<meta property="og:site_name" content="Argon &amp; Co" />
<meta property="og:image" content="https://www.argonandco.com/wp-content/uploads/2022/05/argon_and_co_climate_change.jpg" />
	<meta property="og:image:width" content="1365" />
	<meta property="og:image:height" content="768" />
	<meta property="og:image:type" content="image/jpeg" />
<meta name="twitter:card" content="summary_large_image" />
<meta name="twitter:label1" content="Durée de lecture estimée" />
	<meta name="twitter:data1" content="1 minute" />
<script type="application/ld+json" class="yoast-schema-graph">{"@context":"https:\/\/schema.org","@graph":[{"@type":"WebPage","@id":"https:\/\/www.argonandco.com\/fr\/news-insights\/events\/webinar-replay-la-voix-des-experts-le-changement-climatique-par-le-shift-project\/","url":"https:\/\/www.argonandco.com\/fr\/news-insights\/events\/webinar-replay-la-voix-des-experts-le-changement-climatique-par-le-shift-project\/","name":"Webinar : Replay - La voix des experts - Le changement climatique par le Shift Project - Argon &amp; Co","isPartOf":{"@id":"https:\/\/www.argonandco.com\/fr\/#website"},"primaryImageOfPage":{"@id":"https:\/\/www.argonandco.com\/fr\/news-insights\/events\/webinar-replay-la-voix-des-experts-le-changement-climatique-par-le-shift-project\/#primaryimage"},"image":{"@id":"https:\/\/www.argonandco.com\/fr\/news-insights\/events\/webinar-replay-la-voix-des-experts-le-changement-climatique-par-le-shift-project\/#primaryimage"},"thumbnailUrl":"https:\/\/www.argonandco.com\/wp-content\/uploads\/2022\/05\/argon_and_co_climate_change.jpg","datePublished":"2022-05-17T13:23:42+00:00","breadcrumb":{"@id":"https:\/\/www.argonandco.com\/fr\/news-insights\/events\/webinar-replay-la-voix-des-experts-le-changement-climatique-par-le-shift-project\/#breadcrumb"},"inLanguage":"fr-FR","potentialAction":[{"@type":"ReadAction","target":["https:\/\/www.argonandco.com\/fr\/news-insights\/events\/webinar-replay-la-voix-des-experts-le-changement-climatique-par-le-shift-project\/"]}]},{"@type":"ImageObject","inLanguage":"fr-FR","@id":"https:\/\/www.argonandco.com\/fr\/news-insights\/events\/webinar-replay-la-voix-des-experts-le-changement-climatique-par-le-shift-project\/#primaryimage","url":"https:\/\/www.argonandco.com\/wp-content\/uploads\/2022\/05\/argon_and_co_climate_change.jpg","contentUrl":"https:\/\/www.argonandco.com\/wp-content\/uploads\/2022\/05\/argon_and_co_climate_change.jpg","width":1365,"height":768,"caption":"A lake in the shape of the world's continents in the middle of untouched nature. A metaphor for ecological travel, conservation, climate change, global warming and the fragility of nature.3d rendering"},{"@type":"BreadcrumbList","@id":"https:\/\/www.argonandco.com\/fr\/news-insights\/events\/webinar-replay-la-voix-des-experts-le-changement-climatique-par-le-shift-project\/#breadcrumb","itemListElement":[{"@type":"ListItem","position":1,"name":"Home","item":"https:\/\/www.argonandco.com\/fr\/"},{"@type":"ListItem","position":2,"name":"Events","item":"https:\/\/www.argonandco.com\/fr\/news-insights\/events\/"},{"@type":"ListItem","position":3,"name":"Webinar : Replay &#8211; La voix des experts &#8211; Le changement climatique par le Shift Project"}]},{"@type":"WebSite","@id":"https:\/\/www.argonandco.com\/fr\/#website","url":"https:\/\/www.argonandco.com\/fr\/","name":"Argon &amp; Co","description":"We help clients achieve their strategic and operational objectives, working together to transform their businesses and generate real change.","potentialAction":[{"@type":"SearchAction","target":{"@type":"EntryPoint","urlTemplate":"https:\/\/www.argonandco.com\/fr\/?s={search_term_string}"},"query-input":{"@type":"PropertyValueSpecification","valueRequired":true,"valueName":"search_term_string"}}],"inLanguage":"fr-FR"}]}</script>
<!-- / Yoast SEO plugin. -->

Après le succès de son premier webinaire de sa série « la voix des experts » Argon &amp; Co a tenu il y a quelques jours sa deuxième édition sur le thème du changement climatique. Un éclairage et une sensibilisation apporté par The Shift Project, un think tank créé en 2010, qui œuvre en faveur [&hellip;]
