{"id":17419,"date":"2021-11-19T08:56:53","date_gmt":"2021-11-19T08:56:53","guid":{"rendered":"https:\/\/www.argonandco.com\/?post_type=event&#038;p=17419"},"modified":"2021-11-23T08:37:23","modified_gmt":"2021-11-23T08:37:23","slug":"argon-co-participe-au-33eme-seminaire-carrefours-excellences","status":"publish","type":"event","link":"https:\/\/www.argonandco.com\/fr\/news-insights\/events\/argon-co-participe-au-33eme-seminaire-carrefours-excellences\/","title":{"rendered":"Argon &#038; Co participe au 33\u00e8me S\u00e9minaire Carrefours Excellences Supply Chain"},"content":{"rendered":"<p><span class=\"intro\">Ce nouveau s\u00e9minaire intitul\u00e9 \u00ab <strong>Supply Chain de l\u2019apr\u00e8s\u00a0: concilier r\u00e9silience, responsabilit\u00e9 et performance <\/strong>\u00bb se tiendra les 24 et 25 Novembre prochain \u00e0\u00a0l\u2019H\u00f4tel Holiday Inn Express Paris Canal de La Villette<\/span><\/p>\n<p>Elle r\u00e9unira 10 \u00e9tudes de cas et 18 t\u00e9moignages <strong>sur les r\u00e9sultats concrets des nouvelles priorit\u00e9s des strat\u00e9gies d\u2019approvisionnement comme l\u2019int\u00e9gration de la dimension RSE dans le monde apr\u00e8s-crise, <\/strong>avec notamment les interventions de Thal\u00e8s AVS, Danone, Michelin, Araymond, Safecube, Mars, Nutriset, Spinpart, Acome.<\/p>\n<p><strong>Fabrice Bonneau, Directeur G\u00e9n\u00e9ral du cabinet Argon &amp; Co, <\/strong>interviendra le 25 Novembre sur le th\u00e8me \u00ab La Supply Chain sur le front de la bataille environnementale \u00bb<\/p>\n<p>La conf\u00e9rence durera une heure et sera suivie d\u2019un d\u00e9bat.<\/p>\n<p>Quelques places sont encore disponibles ! Pour vous inscrire \u00e0 la conf\u00e9rence, contactez Florence Weber au 00 33(0)1 42 01 48 01 ou par email\u00a0:\u00a0<a href=\"mailto:semdoc@carrefours-excellence.com\">becomm@carrefours-excellences.com<\/a><\/p>\n<p>Plus d\u2019informations\u00a0:<\/p>\n<p><a href=\"https:\/\/www.linkedin.com\/company\/carrefours-excellences\/\"><strong>Page LinkedIn Carrefours Excellences<\/strong><\/a><\/p>\n<p><a href=\"https:\/\/www.carrefours-excellences.com\/supply-chain\"><strong>Site web Carrefours Excellences<\/strong><\/a><\/p>\n<p><img loading=\"lazy\" decoding=\"async\" class=\"alignnone wp-image-17444\" src=\"https:\/\/www.argonandco.com\/wp-content\/uploads\/2021\/11\/Logo_Carrefours_Excellences_vert_transparent.png\" alt=\"\" width=\"186\" height=\"169\" srcset=\"https:\/\/www.argonandco.com\/wp-content\/uploads\/2021\/11\/Logo_Carrefours_Excellences_vert_transparent.png 583w, https:\/\/www.argonandco.com\/wp-content\/uploads\/2021\/11\/Logo_Carrefours_Excellences_vert_transparent-300x273.png 300w, https:\/\/www.argonandco.com\/wp-content\/uploads\/2021\/11\/Logo_Carrefours_Excellences_vert_transparent-400x364.png 400w\" sizes=\"auto, (max-width: 186px) 100vw, 186px\" \/><\/p>\n","protected":false},"featured_media":17431,"template":"","class_list":["post-17419","event","type-event","status-publish","has-post-thumbnail","hentry"],"acf":[],"yoast_head":"<!-- This site is optimized with the Yoast SEO plugin v27.4 - https:\/\/yoast.com\/product\/yoast-seo-wordpress\/ -->\n<title>Argon &amp; Co participe au 33\u00e8me S\u00e9minaire Carrefours Excellences Supply Chain - Argon &amp; Co<\/title>\n<meta name=\"robots\" content=\"index, follow, max-snippet:-1, max-image-preview:large, max-video-preview:-1\" \/>\n<link rel=\"canonical\" href=\"https:\/\/www.argonandco.com\/fr\/news-insights\/events\/argon-co-participe-au-33eme-seminaire-carrefours-excellences\/\" \/>\n<meta property=\"og:locale\" content=\"fr_FR\" \/>\n<meta property=\"og:type\" content=\"article\" \/>\n<meta property=\"og:title\" content=\"Argon &amp; Co participe au 33\u00e8me S\u00e9minaire Carrefours Excellences Supply Chain - Argon &amp; Co\" \/>\n<meta property=\"og:description\" content=\"Ce nouveau s\u00e9minaire intitul\u00e9 \u00ab Supply Chain de l\u2019apr\u00e8s\u00a0: concilier r\u00e9silience, responsabilit\u00e9 et performance \u00bb se tiendra les 24 et 25 Novembre prochain \u00e0\u00a0l\u2019H\u00f4tel Holiday Inn Express Paris Canal de La Villette Elle r\u00e9unira 10 \u00e9tudes de cas et 18 t\u00e9moignages sur les r\u00e9sultats concrets des nouvelles priorit\u00e9s des strat\u00e9gies d\u2019approvisionnement comme l\u2019int\u00e9gration de la [&hellip;]\" \/>\n<meta property=\"og:url\" content=\"https:\/\/www.argonandco.com\/fr\/news-insights\/events\/argon-co-participe-au-33eme-seminaire-carrefours-excellences\/\" \/>\n<meta property=\"og:site_name\" content=\"Argon &amp; Co\" \/>\n<meta property=\"article:modified_time\" content=\"2021-11-23T08:37:23+00:00\" \/>\n<meta property=\"og:image\" content=\"https:\/\/www.argonandco.com\/wp-content\/uploads\/2021\/11\/Argon_and_co_energie_renouvelable_durable.jpg\" \/>\n\t<meta property=\"og:image:width\" content=\"2199\" \/>\n\t<meta property=\"og:image:height\" content=\"1364\" \/>\n\t<meta property=\"og:image:type\" content=\"image\/jpeg\" \/>\n<meta name=\"twitter:card\" content=\"summary_large_image\" \/>\n<meta name=\"twitter:label1\" content=\"Dur\u00e9e de lecture estim\u00e9e\" \/>\n\t<meta name=\"twitter:data1\" content=\"1 minute\" \/>\n<script type=\"application\/ld+json\" class=\"yoast-schema-graph\">{\"@context\":\"https:\\\/\\\/schema.org\",\"@graph\":[{\"@type\":\"WebPage\",\"@id\":\"https:\\\/\\\/www.argonandco.com\\\/fr\\\/news-insights\\\/events\\\/argon-co-participe-au-33eme-seminaire-carrefours-excellences\\\/\",\"url\":\"https:\\\/\\\/www.argonandco.com\\\/fr\\\/news-insights\\\/events\\\/argon-co-participe-au-33eme-seminaire-carrefours-excellences\\\/\",\"name\":\"Argon & Co participe au 33\u00e8me S\u00e9minaire Carrefours Excellences Supply Chain - Argon &amp; Co\",\"isPartOf\":{\"@id\":\"https:\\\/\\\/www.argonandco.com\\\/fr\\\/#website\"},\"primaryImageOfPage\":{\"@id\":\"https:\\\/\\\/www.argonandco.com\\\/fr\\\/news-insights\\\/events\\\/argon-co-participe-au-33eme-seminaire-carrefours-excellences\\\/#primaryimage\"},\"image\":{\"@id\":\"https:\\\/\\\/www.argonandco.com\\\/fr\\\/news-insights\\\/events\\\/argon-co-participe-au-33eme-seminaire-carrefours-excellences\\\/#primaryimage\"},\"thumbnailUrl\":\"https:\\\/\\\/www.argonandco.com\\\/wp-content\\\/uploads\\\/2021\\\/11\\\/Argon_and_co_energie_renouvelable_durable.jpg\",\"datePublished\":\"2021-11-19T08:56:53+00:00\",\"dateModified\":\"2021-11-23T08:37:23+00:00\",\"breadcrumb\":{\"@id\":\"https:\\\/\\\/www.argonandco.com\\\/fr\\\/news-insights\\\/events\\\/argon-co-participe-au-33eme-seminaire-carrefours-excellences\\\/#breadcrumb\"},\"inLanguage\":\"fr-FR\",\"potentialAction\":[{\"@type\":\"ReadAction\",\"target\":[\"https:\\\/\\\/www.argonandco.com\\\/fr\\\/news-insights\\\/events\\\/argon-co-participe-au-33eme-seminaire-carrefours-excellences\\\/\"]}]},{\"@type\":\"ImageObject\",\"inLanguage\":\"fr-FR\",\"@id\":\"https:\\\/\\\/www.argonandco.com\\\/fr\\\/news-insights\\\/events\\\/argon-co-participe-au-33eme-seminaire-carrefours-excellences\\\/#primaryimage\",\"url\":\"https:\\\/\\\/www.argonandco.com\\\/wp-content\\\/uploads\\\/2021\\\/11\\\/Argon_and_co_energie_renouvelable_durable.jpg\",\"contentUrl\":\"https:\\\/\\\/www.argonandco.com\\\/wp-content\\\/uploads\\\/2021\\\/11\\\/Argon_and_co_energie_renouvelable_durable.jpg\",\"width\":2199,\"height\":1364,\"caption\":\"Solar Power Plant in modern city in sunset,Sustainable Renewable Energy\"},{\"@type\":\"BreadcrumbList\",\"@id\":\"https:\\\/\\\/www.argonandco.com\\\/fr\\\/news-insights\\\/events\\\/argon-co-participe-au-33eme-seminaire-carrefours-excellences\\\/#breadcrumb\",\"itemListElement\":[{\"@type\":\"ListItem\",\"position\":1,\"name\":\"Home\",\"item\":\"https:\\\/\\\/www.argonandco.com\\\/fr\\\/\"},{\"@type\":\"ListItem\",\"position\":2,\"name\":\"Events\",\"item\":\"https:\\\/\\\/www.argonandco.com\\\/fr\\\/news-insights\\\/events\\\/\"},{\"@type\":\"ListItem\",\"position\":3,\"name\":\"Argon &#038; Co participe au 33\u00e8me S\u00e9minaire Carrefours Excellences Supply Chain\"}]},{\"@type\":\"WebSite\",\"@id\":\"https:\\\/\\\/www.argonandco.com\\\/fr\\\/#website\",\"url\":\"https:\\\/\\\/www.argonandco.com\\\/fr\\\/\",\"name\":\"Argon &amp; Co\",\"description\":\"We help clients achieve their strategic and operational objectives, working together to transform their businesses and generate real change.\",\"potentialAction\":[{\"@type\":\"SearchAction\",\"target\":{\"@type\":\"EntryPoint\",\"urlTemplate\":\"https:\\\/\\\/www.argonandco.com\\\/fr\\\/?s={search_term_string}\"},\"query-input\":{\"@type\":\"PropertyValueSpecification\",\"valueRequired\":true,\"valueName\":\"search_term_string\"}}],\"inLanguage\":\"fr-FR\"}]}<\/script>\n<!-- \/ Yoast SEO plugin. -->","yoast_head_json":{"title":"Argon & Co participe au 33\u00e8me S\u00e9minaire Carrefours Excellences Supply Chain - Argon &amp; Co","robots":{"index":"index","follow":"follow","max-snippet":"max-snippet:-1","max-image-preview":"max-image-preview:large","max-video-preview":"max-video-preview:-1"},"canonical":"https:\/\/www.argonandco.com\/fr\/news-insights\/events\/argon-co-participe-au-33eme-seminaire-carrefours-excellences\/","og_locale":"fr_FR","og_type":"article","og_title":"Argon & Co participe au 33\u00e8me S\u00e9minaire Carrefours Excellences Supply Chain - Argon &amp; Co","og_description":"Ce nouveau s\u00e9minaire intitul\u00e9 \u00ab Supply Chain de l\u2019apr\u00e8s\u00a0: concilier r\u00e9silience, responsabilit\u00e9 et performance \u00bb se tiendra les 24 et 25 Novembre prochain \u00e0\u00a0l\u2019H\u00f4tel Holiday Inn Express Paris Canal de La Villette Elle r\u00e9unira 10 \u00e9tudes de cas et 18 t\u00e9moignages sur les r\u00e9sultats concrets des nouvelles priorit\u00e9s des strat\u00e9gies d\u2019approvisionnement comme l\u2019int\u00e9gration de la [&hellip;]","og_url":"https:\/\/www.argonandco.com\/fr\/news-insights\/events\/argon-co-participe-au-33eme-seminaire-carrefours-excellences\/","og_site_name":"Argon &amp; Co","article_modified_time":"2021-11-23T08:37:23+00:00","og_image":[{"width":2199,"height":1364,"url":"https:\/\/www.argonandco.com\/wp-content\/uploads\/2021\/11\/Argon_and_co_energie_renouvelable_durable.jpg","type":"image\/jpeg"}],"twitter_card":"summary_large_image","twitter_misc":{"Dur\u00e9e de lecture estim\u00e9e":"1 minute"},"schema":{"@context":"https:\/\/schema.org","@graph":[{"@type":"WebPage","@id":"https:\/\/www.argonandco.com\/fr\/news-insights\/events\/argon-co-participe-au-33eme-seminaire-carrefours-excellences\/","url":"https:\/\/www.argonandco.com\/fr\/news-insights\/events\/argon-co-participe-au-33eme-seminaire-carrefours-excellences\/","name":"Argon & Co participe au 33\u00e8me S\u00e9minaire Carrefours Excellences Supply Chain - Argon &amp; Co","isPartOf":{"@id":"https:\/\/www.argonandco.com\/fr\/#website"},"primaryImageOfPage":{"@id":"https:\/\/www.argonandco.com\/fr\/news-insights\/events\/argon-co-participe-au-33eme-seminaire-carrefours-excellences\/#primaryimage"},"image":{"@id":"https:\/\/www.argonandco.com\/fr\/news-insights\/events\/argon-co-participe-au-33eme-seminaire-carrefours-excellences\/#primaryimage"},"thumbnailUrl":"https:\/\/www.argonandco.com\/wp-content\/uploads\/2021\/11\/Argon_and_co_energie_renouvelable_durable.jpg","datePublished":"2021-11-19T08:56:53+00:00","dateModified":"2021-11-23T08:37:23+00:00","breadcrumb":{"@id":"https:\/\/www.argonandco.com\/fr\/news-insights\/events\/argon-co-participe-au-33eme-seminaire-carrefours-excellences\/#breadcrumb"},"inLanguage":"fr-FR","potentialAction":[{"@type":"ReadAction","target":["https:\/\/www.argonandco.com\/fr\/news-insights\/events\/argon-co-participe-au-33eme-seminaire-carrefours-excellences\/"]}]},{"@type":"ImageObject","inLanguage":"fr-FR","@id":"https:\/\/www.argonandco.com\/fr\/news-insights\/events\/argon-co-participe-au-33eme-seminaire-carrefours-excellences\/#primaryimage","url":"https:\/\/www.argonandco.com\/wp-content\/uploads\/2021\/11\/Argon_and_co_energie_renouvelable_durable.jpg","contentUrl":"https:\/\/www.argonandco.com\/wp-content\/uploads\/2021\/11\/Argon_and_co_energie_renouvelable_durable.jpg","width":2199,"height":1364,"caption":"Solar Power Plant in modern city in sunset,Sustainable Renewable Energy"},{"@type":"BreadcrumbList","@id":"https:\/\/www.argonandco.com\/fr\/news-insights\/events\/argon-co-participe-au-33eme-seminaire-carrefours-excellences\/#breadcrumb","itemListElement":[{"@type":"ListItem","position":1,"name":"Home","item":"https:\/\/www.argonandco.com\/fr\/"},{"@type":"ListItem","position":2,"name":"Events","item":"https:\/\/www.argonandco.com\/fr\/news-insights\/events\/"},{"@type":"ListItem","position":3,"name":"Argon &#038; Co participe au 33\u00e8me S\u00e9minaire Carrefours Excellences Supply Chain"}]},{"@type":"WebSite","@id":"https:\/\/www.argonandco.com\/fr\/#website","url":"https:\/\/www.argonandco.com\/fr\/","name":"Argon &amp; Co","description":"We help clients achieve their strategic and operational objectives, working together to transform their businesses and generate real change.","potentialAction":[{"@type":"SearchAction","target":{"@type":"EntryPoint","urlTemplate":"https:\/\/www.argonandco.com\/fr\/?s={search_term_string}"},"query-input":{"@type":"PropertyValueSpecification","valueRequired":true,"valueName":"search_term_string"}}],"inLanguage":"fr-FR"}]}},"_links":{"self":[{"href":"https:\/\/www.argonandco.com\/fr\/wp-json\/wp\/v2\/event\/17419","targetHints":{"allow":["GET"]}}],"collection":[{"href":"https:\/\/www.argonandco.com\/fr\/wp-json\/wp\/v2\/event"}],"about":[{"href":"https:\/\/www.argonandco.com\/fr\/wp-json\/wp\/v2\/types\/event"}],"version-history":[{"count":0,"href":"https:\/\/www.argonandco.com\/fr\/wp-json\/wp\/v2\/event\/17419\/revisions"}],"wp:featuredmedia":[{"embeddable":true,"href":"https:\/\/www.argonandco.com\/fr\/wp-json\/wp\/v2\/media\/17431"}],"wp:attachment":[{"href":"https:\/\/www.argonandco.com\/fr\/wp-json\/wp\/v2\/media?parent=17419"}],"curies":[{"name":"wp","href":"https:\/\/api.w.org\/{rel}","templated":true}]}}

Argon &#038; Co participe au 33ème Séminaire Carrefours Excellences Supply Chain

<p><span class="intro">Ce nouveau séminaire intitulé « <strong>Supply Chain de l’après : concilier résilience, responsabilité et performance </strong>» se tiendra les 24 et 25 Novembre prochain à l’Hôtel Holiday Inn Express Paris Canal de La Villette</span></p>
<p>Elle réunira 10 études de cas et 18 témoignages <strong>sur les résultats concrets des nouvelles priorités des stratégies d’approvisionnement comme l’intégration de la dimension RSE dans le monde après-crise, </strong>avec notamment les interventions de Thalès AVS, Danone, Michelin, Araymond, Safecube, Mars, Nutriset, Spinpart, Acome.</p>
<p><strong>Fabrice Bonneau, Directeur Général du cabinet Argon &amp; Co, </strong>interviendra le 25 Novembre sur le thème « La Supply Chain sur le front de la bataille environnementale »</p>
<p>La conférence durera une heure et sera suivie d’un débat.</p>
<p>Quelques places sont encore disponibles ! Pour vous inscrire à la conférence, contactez Florence Weber au 00 33(0)1 42 01 48 01 ou par email : <a href="mailto:semdoc@carrefours-excellence.com">becomm@carrefours-excellences.com</a></p>
<p>Plus d’informations :</p>
<p><a href="https://www.linkedin.com/company/carrefours-excellences/"><strong>Page LinkedIn Carrefours Excellences</strong></a></p>
<p><a href="https://www.carrefours-excellences.com/supply-chain"><strong>Site web Carrefours Excellences</strong></a></p>
<p><img loading="lazy" decoding="async" class="alignnone wp-image-17444" src="https://www.argonandco.com/wp-content/uploads/2021/11/Logo_Carrefours_Excellences_vert_transparent.png" alt="" width="186" height="169" srcset="https://www.argonandco.com/wp-content/uploads/2021/11/Logo_Carrefours_Excellences_vert_transparent.png 583w, https://www.argonandco.com/wp-content/uploads/2021/11/Logo_Carrefours_Excellences_vert_transparent-300x273.png 300w, https://www.argonandco.com/wp-content/uploads/2021/11/Logo_Carrefours_Excellences_vert_transparent-400x364.png 400w" sizes="auto, (max-width: 186px) 100vw, 186px" /></p>

<!-- This site is optimized with the Yoast SEO plugin v27.4 - https://yoast.com/product/yoast-seo-wordpress/ -->
<title>Argon &amp; Co participe au 33ème Séminaire Carrefours Excellences Supply Chain - Argon &amp; Co</title>
<meta name="robots" content="index, follow, max-snippet:-1, max-image-preview:large, max-video-preview:-1" />
<link rel="canonical" href="https://www.argonandco.com/fr/news-insights/events/argon-co-participe-au-33eme-seminaire-carrefours-excellences/" />
<meta property="og:locale" content="fr_FR" />
<meta property="og:type" content="article" />
<meta property="og:title" content="Argon &amp; Co participe au 33ème Séminaire Carrefours Excellences Supply Chain - Argon &amp; Co" />
<meta property="og:description" content="Ce nouveau séminaire intitulé « Supply Chain de l’après : concilier résilience, responsabilité et performance » se tiendra les 24 et 25 Novembre prochain à l’Hôtel Holiday Inn Express Paris Canal de La Villette Elle réunira 10 études de cas et 18 témoignages sur les résultats concrets des nouvelles priorités des stratégies d’approvisionnement comme l’intégration de la [&hellip;]" />
<meta property="og:url" content="https://www.argonandco.com/fr/news-insights/events/argon-co-participe-au-33eme-seminaire-carrefours-excellences/" />
<meta property="og:site_name" content="Argon &amp; Co" />
<meta property="article:modified_time" content="2021-11-23T08:37:23+00:00" />
<meta property="og:image" content="https://www.argonandco.com/wp-content/uploads/2021/11/Argon_and_co_energie_renouvelable_durable.jpg" />
	<meta property="og:image:width" content="2199" />
	<meta property="og:image:height" content="1364" />
	<meta property="og:image:type" content="image/jpeg" />
<meta name="twitter:card" content="summary_large_image" />
<meta name="twitter:label1" content="Durée de lecture estimée" />
	<meta name="twitter:data1" content="1 minute" />
<script type="application/ld+json" class="yoast-schema-graph">{"@context":"https:\/\/schema.org","@graph":[{"@type":"WebPage","@id":"https:\/\/www.argonandco.com\/fr\/news-insights\/events\/argon-co-participe-au-33eme-seminaire-carrefours-excellences\/","url":"https:\/\/www.argonandco.com\/fr\/news-insights\/events\/argon-co-participe-au-33eme-seminaire-carrefours-excellences\/","name":"Argon & Co participe au 33ème Séminaire Carrefours Excellences Supply Chain - Argon &amp; Co","isPartOf":{"@id":"https:\/\/www.argonandco.com\/fr\/#website"},"primaryImageOfPage":{"@id":"https:\/\/www.argonandco.com\/fr\/news-insights\/events\/argon-co-participe-au-33eme-seminaire-carrefours-excellences\/#primaryimage"},"image":{"@id":"https:\/\/www.argonandco.com\/fr\/news-insights\/events\/argon-co-participe-au-33eme-seminaire-carrefours-excellences\/#primaryimage"},"thumbnailUrl":"https:\/\/www.argonandco.com\/wp-content\/uploads\/2021\/11\/Argon_and_co_energie_renouvelable_durable.jpg","datePublished":"2021-11-19T08:56:53+00:00","dateModified":"2021-11-23T08:37:23+00:00","breadcrumb":{"@id":"https:\/\/www.argonandco.com\/fr\/news-insights\/events\/argon-co-participe-au-33eme-seminaire-carrefours-excellences\/#breadcrumb"},"inLanguage":"fr-FR","potentialAction":[{"@type":"ReadAction","target":["https:\/\/www.argonandco.com\/fr\/news-insights\/events\/argon-co-participe-au-33eme-seminaire-carrefours-excellences\/"]}]},{"@type":"ImageObject","inLanguage":"fr-FR","@id":"https:\/\/www.argonandco.com\/fr\/news-insights\/events\/argon-co-participe-au-33eme-seminaire-carrefours-excellences\/#primaryimage","url":"https:\/\/www.argonandco.com\/wp-content\/uploads\/2021\/11\/Argon_and_co_energie_renouvelable_durable.jpg","contentUrl":"https:\/\/www.argonandco.com\/wp-content\/uploads\/2021\/11\/Argon_and_co_energie_renouvelable_durable.jpg","width":2199,"height":1364,"caption":"Solar Power Plant in modern city in sunset,Sustainable Renewable Energy"},{"@type":"BreadcrumbList","@id":"https:\/\/www.argonandco.com\/fr\/news-insights\/events\/argon-co-participe-au-33eme-seminaire-carrefours-excellences\/#breadcrumb","itemListElement":[{"@type":"ListItem","position":1,"name":"Home","item":"https:\/\/www.argonandco.com\/fr\/"},{"@type":"ListItem","position":2,"name":"Events","item":"https:\/\/www.argonandco.com\/fr\/news-insights\/events\/"},{"@type":"ListItem","position":3,"name":"Argon &#038; Co participe au 33ème Séminaire Carrefours Excellences Supply Chain"}]},{"@type":"WebSite","@id":"https:\/\/www.argonandco.com\/fr\/#website","url":"https:\/\/www.argonandco.com\/fr\/","name":"Argon &amp; Co","description":"We help clients achieve their strategic and operational objectives, working together to transform their businesses and generate real change.","potentialAction":[{"@type":"SearchAction","target":{"@type":"EntryPoint","urlTemplate":"https:\/\/www.argonandco.com\/fr\/?s={search_term_string}"},"query-input":{"@type":"PropertyValueSpecification","valueRequired":true,"valueName":"search_term_string"}}],"inLanguage":"fr-FR"}]}</script>
<!-- / Yoast SEO plugin. -->

Argon & Co participe au 33ème Séminaire Carrefours Excellences Supply Chain - Argon &amp; Co

Ce nouveau séminaire intitulé « Supply Chain de l’après : concilier résilience, responsabilité et performance » se tiendra les 24 et 25 Novembre prochain à l’Hôtel Holiday Inn Express Paris Canal de La Villette Elle réunira 10 études de cas et 18 témoignages sur les résultats concrets des nouvelles priorités des stratégies d’approvisionnement comme l’intégration de la [&hellip;]
