{"id":13649,"date":"2020-08-21T10:02:37","date_gmt":"2020-08-21T09:02:37","guid":{"rendered":"https:\/\/www.argonandco.com\/?post_type=event&#038;p=13649"},"modified":"2020-08-25T09:09:10","modified_gmt":"2020-08-25T08:09:10","slug":"argon-co-participe-au-salon-expo-biogaz","status":"publish","type":"event","link":"https:\/\/www.argonandco.com\/fr\/news-insights\/events\/argon-co-participe-au-salon-expo-biogaz\/","title":{"rendered":"Argon &#038; Co participe au Salon Expo Biogaz"},"content":{"rendered":"<p>Argon &amp; Co sera pr\u00e9sent au Salon Expo Biogaz le 2 septembre prochain. Durant ce salon, qui est le rendez-vous de r\u00e9f\u00e9rence du gaz renouvelable en France, vous pourrez d\u00e9couvrir comment et pourquoi la d\u00e9marche <em>Design to value<\/em>\u2009d\u2019Argon &amp; Co peut rendre la fili\u00e8re Biom\u00e9thane plus comp\u00e9titive.<\/p>\n<p><img loading=\"lazy\" decoding=\"async\" class=\" wp-image-13680 aligncenter\" src=\"https:\/\/www.argonandco.com\/wp-content\/uploads\/2020\/08\/post-biogas-dtv-300x166.png\" alt=\"\" width=\"570\" height=\"316\" srcset=\"https:\/\/www.argonandco.com\/wp-content\/uploads\/2020\/08\/post-biogas-dtv-300x166.png 300w, https:\/\/www.argonandco.com\/wp-content\/uploads\/2020\/08\/post-biogas-dtv-768x424.png 768w, https:\/\/www.argonandco.com\/wp-content\/uploads\/2020\/08\/post-biogas-dtv-400x221.png 400w, https:\/\/www.argonandco.com\/wp-content\/uploads\/2020\/08\/post-biogas-dtv.png 987w\" sizes=\"auto, (max-width: 570px) 100vw, 570px\" \/><\/p>\n<p>Julien OLIVIER, Manager au sein du cabinet Argon &amp; Co, interviendra lors de la conf\u00e9rence organis\u00e9e par Biogaz Vall\u00e9e\u00ae en partenariat avec GRDF intitul\u00e9e \u00ab\u00a0Exemples concrets et d\u00e9marches pour rendre le biom\u00e9thane plus comp\u00e9titif dans le contexte de nouvelle PPE\u00a0\u00bb aux c\u00f4t\u00e9s de :<\/p>\n<ul>\n<li>Gr\u00e9gory LANNOU, Directeur, BIOGAZ VALL\u00c9E\u00ae<\/li>\n<li>Sylvain FREDERIC, Responsable R&amp;D \u2013 Direction biom\u00e9thane, GRDF<\/li>\n<li>Fabrice PIOTROWSKI, Directeur commercial, GAZFIO<\/li>\n<li>Yann PIERRE, Directeur commercial, PRODEVAL<\/li>\n<\/ul>\n<p>Venez nous rendre visite dans l\u2019espace de conf\u00e9rences du Salon Expo biogaz \u00e0 Lille le mercredi 02 Septembre de 14h45 \u00e0 15h40.<\/p>\n<p><a href=\"https:\/\/www.argonandco.com\/fr\/news-insights\/whitepapers\/design-to-value-comment-reconcilier-competitivite-et-innovation\/\">T\u00e9l\u00e9charger le livre blanc Design-To-Value Argon &amp; Co<\/a><\/p>\n<p>Conf\u00e9rence organis\u00e9e par Biogaz Vall\u00e9e\u00ae en partenariat avec GRDF<\/p>\n<p>Pour plus d&rsquo;information, rendez-vous sur le <a href=\"https:\/\/www.expo-biogaz.com\/fr\/events\/exemples-concrets-pour-rendre-le-biomethane-plus-competitif-dans-le-contexte-de-nouvelle-ppe\">site web<\/a> et la page <a href=\"https:\/\/www.linkedin.com\/company\/biogazvallee\/\">LinkedIn<\/a> de Biogaz Vall\u00e9e\u00ae<\/p>\n<p><img loading=\"lazy\" decoding=\"async\" class=\" wp-image-13677 aligncenter\" src=\"https:\/\/www.argonandco.com\/wp-content\/uploads\/2020\/08\/biogaz-300x102.jpg\" alt=\"\" width=\"568\" height=\"193\" srcset=\"https:\/\/www.argonandco.com\/wp-content\/uploads\/2020\/08\/biogaz-300x102.jpg 300w, https:\/\/www.argonandco.com\/wp-content\/uploads\/2020\/08\/biogaz-400x136.jpg 400w, https:\/\/www.argonandco.com\/wp-content\/uploads\/2020\/08\/biogaz.jpg 646w\" sizes=\"auto, (max-width: 568px) 100vw, 568px\" \/><\/p>\n","protected":false},"featured_media":13653,"template":"","class_list":["post-13649","event","type-event","status-publish","has-post-thumbnail","hentry"],"acf":[],"yoast_head":"<!-- This site is optimized with the Yoast SEO plugin v27.4 - https:\/\/yoast.com\/product\/yoast-seo-wordpress\/ -->\n<title>Argon &amp; Co participe au Salon Expo Biogaz - Argon &amp; Co<\/title>\n<meta name=\"robots\" content=\"index, follow, max-snippet:-1, max-image-preview:large, max-video-preview:-1\" \/>\n<link rel=\"canonical\" href=\"https:\/\/www.argonandco.com\/fr\/news-insights\/events\/argon-co-participe-au-salon-expo-biogaz\/\" \/>\n<meta property=\"og:locale\" content=\"fr_FR\" \/>\n<meta property=\"og:type\" content=\"article\" \/>\n<meta property=\"og:title\" content=\"Argon &amp; Co participe au Salon Expo Biogaz - Argon &amp; Co\" \/>\n<meta property=\"og:description\" content=\"Argon &amp; Co sera pr\u00e9sent au Salon Expo Biogaz le 2 septembre prochain. Durant ce salon, qui est le rendez-vous de r\u00e9f\u00e9rence du gaz renouvelable en France, vous pourrez d\u00e9couvrir comment et pourquoi la d\u00e9marche Design to value\u2009d\u2019Argon &amp; Co peut rendre la fili\u00e8re Biom\u00e9thane plus comp\u00e9titive. Julien OLIVIER, Manager au sein du cabinet Argon [&hellip;]\" \/>\n<meta property=\"og:url\" content=\"https:\/\/www.argonandco.com\/fr\/news-insights\/events\/argon-co-participe-au-salon-expo-biogaz\/\" \/>\n<meta property=\"og:site_name\" content=\"Argon &amp; Co\" \/>\n<meta property=\"article:modified_time\" content=\"2020-08-25T08:09:10+00:00\" \/>\n<meta property=\"og:image\" content=\"https:\/\/www.argonandco.com\/wp-content\/uploads\/2020\/08\/biogaz_argonandco.png\" \/>\n\t<meta property=\"og:image:width\" content=\"2121\" \/>\n\t<meta property=\"og:image:height\" content=\"1414\" \/>\n\t<meta property=\"og:image:type\" content=\"image\/png\" \/>\n<meta name=\"twitter:card\" content=\"summary_large_image\" \/>\n<meta name=\"twitter:label1\" content=\"Dur\u00e9e de lecture estim\u00e9e\" \/>\n\t<meta name=\"twitter:data1\" content=\"1 minute\" \/>\n<script type=\"application\/ld+json\" class=\"yoast-schema-graph\">{\"@context\":\"https:\\\/\\\/schema.org\",\"@graph\":[{\"@type\":\"WebPage\",\"@id\":\"https:\\\/\\\/www.argonandco.com\\\/fr\\\/news-insights\\\/events\\\/argon-co-participe-au-salon-expo-biogaz\\\/\",\"url\":\"https:\\\/\\\/www.argonandco.com\\\/fr\\\/news-insights\\\/events\\\/argon-co-participe-au-salon-expo-biogaz\\\/\",\"name\":\"Argon & Co participe au Salon Expo Biogaz - Argon &amp; Co\",\"isPartOf\":{\"@id\":\"https:\\\/\\\/www.argonandco.com\\\/fr\\\/#website\"},\"primaryImageOfPage\":{\"@id\":\"https:\\\/\\\/www.argonandco.com\\\/fr\\\/news-insights\\\/events\\\/argon-co-participe-au-salon-expo-biogaz\\\/#primaryimage\"},\"image\":{\"@id\":\"https:\\\/\\\/www.argonandco.com\\\/fr\\\/news-insights\\\/events\\\/argon-co-participe-au-salon-expo-biogaz\\\/#primaryimage\"},\"thumbnailUrl\":\"https:\\\/\\\/www.argonandco.com\\\/wp-content\\\/uploads\\\/2020\\\/08\\\/biogaz_argonandco.png\",\"datePublished\":\"2020-08-21T09:02:37+00:00\",\"dateModified\":\"2020-08-25T08:09:10+00:00\",\"breadcrumb\":{\"@id\":\"https:\\\/\\\/www.argonandco.com\\\/fr\\\/news-insights\\\/events\\\/argon-co-participe-au-salon-expo-biogaz\\\/#breadcrumb\"},\"inLanguage\":\"fr-FR\",\"potentialAction\":[{\"@type\":\"ReadAction\",\"target\":[\"https:\\\/\\\/www.argonandco.com\\\/fr\\\/news-insights\\\/events\\\/argon-co-participe-au-salon-expo-biogaz\\\/\"]}]},{\"@type\":\"ImageObject\",\"inLanguage\":\"fr-FR\",\"@id\":\"https:\\\/\\\/www.argonandco.com\\\/fr\\\/news-insights\\\/events\\\/argon-co-participe-au-salon-expo-biogaz\\\/#primaryimage\",\"url\":\"https:\\\/\\\/www.argonandco.com\\\/wp-content\\\/uploads\\\/2020\\\/08\\\/biogaz_argonandco.png\",\"contentUrl\":\"https:\\\/\\\/www.argonandco.com\\\/wp-content\\\/uploads\\\/2020\\\/08\\\/biogaz_argonandco.png\",\"width\":2121,\"height\":1414},{\"@type\":\"BreadcrumbList\",\"@id\":\"https:\\\/\\\/www.argonandco.com\\\/fr\\\/news-insights\\\/events\\\/argon-co-participe-au-salon-expo-biogaz\\\/#breadcrumb\",\"itemListElement\":[{\"@type\":\"ListItem\",\"position\":1,\"name\":\"Home\",\"item\":\"https:\\\/\\\/www.argonandco.com\\\/fr\\\/\"},{\"@type\":\"ListItem\",\"position\":2,\"name\":\"Events\",\"item\":\"https:\\\/\\\/www.argonandco.com\\\/fr\\\/news-insights\\\/events\\\/\"},{\"@type\":\"ListItem\",\"position\":3,\"name\":\"Argon &#038; Co participe au Salon Expo Biogaz\"}]},{\"@type\":\"WebSite\",\"@id\":\"https:\\\/\\\/www.argonandco.com\\\/fr\\\/#website\",\"url\":\"https:\\\/\\\/www.argonandco.com\\\/fr\\\/\",\"name\":\"Argon &amp; Co\",\"description\":\"We help clients achieve their strategic and operational objectives, working together to transform their businesses and generate real change.\",\"potentialAction\":[{\"@type\":\"SearchAction\",\"target\":{\"@type\":\"EntryPoint\",\"urlTemplate\":\"https:\\\/\\\/www.argonandco.com\\\/fr\\\/?s={search_term_string}\"},\"query-input\":{\"@type\":\"PropertyValueSpecification\",\"valueRequired\":true,\"valueName\":\"search_term_string\"}}],\"inLanguage\":\"fr-FR\"}]}<\/script>\n<!-- \/ Yoast SEO plugin. -->","yoast_head_json":{"title":"Argon & Co participe au Salon Expo Biogaz - Argon &amp; Co","robots":{"index":"index","follow":"follow","max-snippet":"max-snippet:-1","max-image-preview":"max-image-preview:large","max-video-preview":"max-video-preview:-1"},"canonical":"https:\/\/www.argonandco.com\/fr\/news-insights\/events\/argon-co-participe-au-salon-expo-biogaz\/","og_locale":"fr_FR","og_type":"article","og_title":"Argon & Co participe au Salon Expo Biogaz - Argon &amp; Co","og_description":"Argon &amp; Co sera pr\u00e9sent au Salon Expo Biogaz le 2 septembre prochain. Durant ce salon, qui est le rendez-vous de r\u00e9f\u00e9rence du gaz renouvelable en France, vous pourrez d\u00e9couvrir comment et pourquoi la d\u00e9marche Design to value\u2009d\u2019Argon &amp; Co peut rendre la fili\u00e8re Biom\u00e9thane plus comp\u00e9titive. Julien OLIVIER, Manager au sein du cabinet Argon [&hellip;]","og_url":"https:\/\/www.argonandco.com\/fr\/news-insights\/events\/argon-co-participe-au-salon-expo-biogaz\/","og_site_name":"Argon &amp; Co","article_modified_time":"2020-08-25T08:09:10+00:00","og_image":[{"width":2121,"height":1414,"url":"https:\/\/www.argonandco.com\/wp-content\/uploads\/2020\/08\/biogaz_argonandco.png","type":"image\/png"}],"twitter_card":"summary_large_image","twitter_misc":{"Dur\u00e9e de lecture estim\u00e9e":"1 minute"},"schema":{"@context":"https:\/\/schema.org","@graph":[{"@type":"WebPage","@id":"https:\/\/www.argonandco.com\/fr\/news-insights\/events\/argon-co-participe-au-salon-expo-biogaz\/","url":"https:\/\/www.argonandco.com\/fr\/news-insights\/events\/argon-co-participe-au-salon-expo-biogaz\/","name":"Argon & Co participe au Salon Expo Biogaz - Argon &amp; Co","isPartOf":{"@id":"https:\/\/www.argonandco.com\/fr\/#website"},"primaryImageOfPage":{"@id":"https:\/\/www.argonandco.com\/fr\/news-insights\/events\/argon-co-participe-au-salon-expo-biogaz\/#primaryimage"},"image":{"@id":"https:\/\/www.argonandco.com\/fr\/news-insights\/events\/argon-co-participe-au-salon-expo-biogaz\/#primaryimage"},"thumbnailUrl":"https:\/\/www.argonandco.com\/wp-content\/uploads\/2020\/08\/biogaz_argonandco.png","datePublished":"2020-08-21T09:02:37+00:00","dateModified":"2020-08-25T08:09:10+00:00","breadcrumb":{"@id":"https:\/\/www.argonandco.com\/fr\/news-insights\/events\/argon-co-participe-au-salon-expo-biogaz\/#breadcrumb"},"inLanguage":"fr-FR","potentialAction":[{"@type":"ReadAction","target":["https:\/\/www.argonandco.com\/fr\/news-insights\/events\/argon-co-participe-au-salon-expo-biogaz\/"]}]},{"@type":"ImageObject","inLanguage":"fr-FR","@id":"https:\/\/www.argonandco.com\/fr\/news-insights\/events\/argon-co-participe-au-salon-expo-biogaz\/#primaryimage","url":"https:\/\/www.argonandco.com\/wp-content\/uploads\/2020\/08\/biogaz_argonandco.png","contentUrl":"https:\/\/www.argonandco.com\/wp-content\/uploads\/2020\/08\/biogaz_argonandco.png","width":2121,"height":1414},{"@type":"BreadcrumbList","@id":"https:\/\/www.argonandco.com\/fr\/news-insights\/events\/argon-co-participe-au-salon-expo-biogaz\/#breadcrumb","itemListElement":[{"@type":"ListItem","position":1,"name":"Home","item":"https:\/\/www.argonandco.com\/fr\/"},{"@type":"ListItem","position":2,"name":"Events","item":"https:\/\/www.argonandco.com\/fr\/news-insights\/events\/"},{"@type":"ListItem","position":3,"name":"Argon &#038; Co participe au Salon Expo Biogaz"}]},{"@type":"WebSite","@id":"https:\/\/www.argonandco.com\/fr\/#website","url":"https:\/\/www.argonandco.com\/fr\/","name":"Argon &amp; Co","description":"We help clients achieve their strategic and operational objectives, working together to transform their businesses and generate real change.","potentialAction":[{"@type":"SearchAction","target":{"@type":"EntryPoint","urlTemplate":"https:\/\/www.argonandco.com\/fr\/?s={search_term_string}"},"query-input":{"@type":"PropertyValueSpecification","valueRequired":true,"valueName":"search_term_string"}}],"inLanguage":"fr-FR"}]}},"_links":{"self":[{"href":"https:\/\/www.argonandco.com\/fr\/wp-json\/wp\/v2\/event\/13649","targetHints":{"allow":["GET"]}}],"collection":[{"href":"https:\/\/www.argonandco.com\/fr\/wp-json\/wp\/v2\/event"}],"about":[{"href":"https:\/\/www.argonandco.com\/fr\/wp-json\/wp\/v2\/types\/event"}],"version-history":[{"count":0,"href":"https:\/\/www.argonandco.com\/fr\/wp-json\/wp\/v2\/event\/13649\/revisions"}],"wp:featuredmedia":[{"embeddable":true,"href":"https:\/\/www.argonandco.com\/fr\/wp-json\/wp\/v2\/media\/13653"}],"wp:attachment":[{"href":"https:\/\/www.argonandco.com\/fr\/wp-json\/wp\/v2\/media?parent=13649"}],"curies":[{"name":"wp","href":"https:\/\/api.w.org\/{rel}","templated":true}]}}

<p>Argon &amp; Co sera présent au Salon Expo Biogaz le 2 septembre prochain. Durant ce salon, qui est le rendez-vous de référence du gaz renouvelable en France, vous pourrez découvrir comment et pourquoi la démarche <em>Design to value</em> d’Argon &amp; Co peut rendre la filière Biométhane plus compétitive.</p>
<p><img loading="lazy" decoding="async" class=" wp-image-13680 aligncenter" src="https://www.argonandco.com/wp-content/uploads/2020/08/post-biogas-dtv-300x166.png" alt="" width="570" height="316" srcset="https://www.argonandco.com/wp-content/uploads/2020/08/post-biogas-dtv-300x166.png 300w, https://www.argonandco.com/wp-content/uploads/2020/08/post-biogas-dtv-768x424.png 768w, https://www.argonandco.com/wp-content/uploads/2020/08/post-biogas-dtv-400x221.png 400w, https://www.argonandco.com/wp-content/uploads/2020/08/post-biogas-dtv.png 987w" sizes="auto, (max-width: 570px) 100vw, 570px" /></p>
<p>Julien OLIVIER, Manager au sein du cabinet Argon &amp; Co, interviendra lors de la conférence organisée par Biogaz Vallée® en partenariat avec GRDF intitulée « Exemples concrets et démarches pour rendre le biométhane plus compétitif dans le contexte de nouvelle PPE » aux côtés de :</p>
<ul>
<li>Grégory LANNOU, Directeur, BIOGAZ VALLÉE®</li>
<li>Sylvain FREDERIC, Responsable R&amp;D – Direction biométhane, GRDF</li>
<li>Fabrice PIOTROWSKI, Directeur commercial, GAZFIO</li>
<li>Yann PIERRE, Directeur commercial, PRODEVAL</li>
</ul>
<p>Venez nous rendre visite dans l’espace de conférences du Salon Expo biogaz à Lille le mercredi 02 Septembre de 14h45 à 15h40.</p>
<p><a href="https://www.argonandco.com/fr/news-insights/whitepapers/design-to-value-comment-reconcilier-competitivite-et-innovation/">Télécharger le livre blanc Design-To-Value Argon &amp; Co</a></p>
<p>Conférence organisée par Biogaz Vallée® en partenariat avec GRDF</p>
<p>Pour plus d&rsquo;information, rendez-vous sur le <a href="https://www.expo-biogaz.com/fr/events/exemples-concrets-pour-rendre-le-biomethane-plus-competitif-dans-le-contexte-de-nouvelle-ppe">site web</a> et la page <a href="https://www.linkedin.com/company/biogazvallee/">LinkedIn</a> de Biogaz Vallée®</p>
<p><img loading="lazy" decoding="async" class=" wp-image-13677 aligncenter" src="https://www.argonandco.com/wp-content/uploads/2020/08/biogaz-300x102.jpg" alt="" width="568" height="193" srcset="https://www.argonandco.com/wp-content/uploads/2020/08/biogaz-300x102.jpg 300w, https://www.argonandco.com/wp-content/uploads/2020/08/biogaz-400x136.jpg 400w, https://www.argonandco.com/wp-content/uploads/2020/08/biogaz.jpg 646w" sizes="auto, (max-width: 568px) 100vw, 568px" /></p>

<!-- This site is optimized with the Yoast SEO plugin v27.4 - https://yoast.com/product/yoast-seo-wordpress/ -->
<title>Argon &amp; Co participe au Salon Expo Biogaz - Argon &amp; Co</title>
<meta name="robots" content="index, follow, max-snippet:-1, max-image-preview:large, max-video-preview:-1" />
<link rel="canonical" href="https://www.argonandco.com/fr/news-insights/events/argon-co-participe-au-salon-expo-biogaz/" />
<meta property="og:locale" content="fr_FR" />
<meta property="og:type" content="article" />
<meta property="og:title" content="Argon &amp; Co participe au Salon Expo Biogaz - Argon &amp; Co" />
<meta property="og:description" content="Argon &amp; Co sera présent au Salon Expo Biogaz le 2 septembre prochain. Durant ce salon, qui est le rendez-vous de référence du gaz renouvelable en France, vous pourrez découvrir comment et pourquoi la démarche Design to value d’Argon &amp; Co peut rendre la filière Biométhane plus compétitive. Julien OLIVIER, Manager au sein du cabinet Argon [&hellip;]" />
<meta property="og:url" content="https://www.argonandco.com/fr/news-insights/events/argon-co-participe-au-salon-expo-biogaz/" />
<meta property="og:site_name" content="Argon &amp; Co" />
<meta property="article:modified_time" content="2020-08-25T08:09:10+00:00" />
<meta property="og:image" content="https://www.argonandco.com/wp-content/uploads/2020/08/biogaz_argonandco.png" />
	<meta property="og:image:width" content="2121" />
	<meta property="og:image:height" content="1414" />
	<meta property="og:image:type" content="image/png" />
<meta name="twitter:card" content="summary_large_image" />
<meta name="twitter:label1" content="Durée de lecture estimée" />
	<meta name="twitter:data1" content="1 minute" />
<script type="application/ld+json" class="yoast-schema-graph">{"@context":"https:\/\/schema.org","@graph":[{"@type":"WebPage","@id":"https:\/\/www.argonandco.com\/fr\/news-insights\/events\/argon-co-participe-au-salon-expo-biogaz\/","url":"https:\/\/www.argonandco.com\/fr\/news-insights\/events\/argon-co-participe-au-salon-expo-biogaz\/","name":"Argon & Co participe au Salon Expo Biogaz - Argon &amp; Co","isPartOf":{"@id":"https:\/\/www.argonandco.com\/fr\/#website"},"primaryImageOfPage":{"@id":"https:\/\/www.argonandco.com\/fr\/news-insights\/events\/argon-co-participe-au-salon-expo-biogaz\/#primaryimage"},"image":{"@id":"https:\/\/www.argonandco.com\/fr\/news-insights\/events\/argon-co-participe-au-salon-expo-biogaz\/#primaryimage"},"thumbnailUrl":"https:\/\/www.argonandco.com\/wp-content\/uploads\/2020\/08\/biogaz_argonandco.png","datePublished":"2020-08-21T09:02:37+00:00","dateModified":"2020-08-25T08:09:10+00:00","breadcrumb":{"@id":"https:\/\/www.argonandco.com\/fr\/news-insights\/events\/argon-co-participe-au-salon-expo-biogaz\/#breadcrumb"},"inLanguage":"fr-FR","potentialAction":[{"@type":"ReadAction","target":["https:\/\/www.argonandco.com\/fr\/news-insights\/events\/argon-co-participe-au-salon-expo-biogaz\/"]}]},{"@type":"ImageObject","inLanguage":"fr-FR","@id":"https:\/\/www.argonandco.com\/fr\/news-insights\/events\/argon-co-participe-au-salon-expo-biogaz\/#primaryimage","url":"https:\/\/www.argonandco.com\/wp-content\/uploads\/2020\/08\/biogaz_argonandco.png","contentUrl":"https:\/\/www.argonandco.com\/wp-content\/uploads\/2020\/08\/biogaz_argonandco.png","width":2121,"height":1414},{"@type":"BreadcrumbList","@id":"https:\/\/www.argonandco.com\/fr\/news-insights\/events\/argon-co-participe-au-salon-expo-biogaz\/#breadcrumb","itemListElement":[{"@type":"ListItem","position":1,"name":"Home","item":"https:\/\/www.argonandco.com\/fr\/"},{"@type":"ListItem","position":2,"name":"Events","item":"https:\/\/www.argonandco.com\/fr\/news-insights\/events\/"},{"@type":"ListItem","position":3,"name":"Argon &#038; Co participe au Salon Expo Biogaz"}]},{"@type":"WebSite","@id":"https:\/\/www.argonandco.com\/fr\/#website","url":"https:\/\/www.argonandco.com\/fr\/","name":"Argon &amp; Co","description":"We help clients achieve their strategic and operational objectives, working together to transform their businesses and generate real change.","potentialAction":[{"@type":"SearchAction","target":{"@type":"EntryPoint","urlTemplate":"https:\/\/www.argonandco.com\/fr\/?s={search_term_string}"},"query-input":{"@type":"PropertyValueSpecification","valueRequired":true,"valueName":"search_term_string"}}],"inLanguage":"fr-FR"}]}</script>
<!-- / Yoast SEO plugin. -->

Argon &amp; Co sera présent au Salon Expo Biogaz le 2 septembre prochain. Durant ce salon, qui est le rendez-vous de référence du gaz renouvelable en France, vous pourrez découvrir comment et pourquoi la démarche Design to value d’Argon &amp; Co peut rendre la filière Biométhane plus compétitive. Julien OLIVIER, Manager au sein du cabinet Argon [&hellip;]
