{"id":39245,"date":"2026-04-29T10:03:49","date_gmt":"2026-04-29T09:03:49","guid":{"rendered":"https:\/\/www.argonandco.com\/?post_type=event&#038;p=39245"},"modified":"2026-04-29T10:03:49","modified_gmt":"2026-04-29T09:03:49","slug":"restrukturierung-im-fokus-executive-abend-in-muenchen","status":"publish","type":"event","link":"https:\/\/www.argonandco.com\/de\/news-insights\/events\/restrukturierung-im-fokus-executive-abend-in-muenchen\/","title":{"rendered":"Restrukturierung im Fokus &#8211; Executive Abend in M\u00fcnchen"},"content":{"rendered":"<h2>Ver\u00e4nderung mit Schlagkraft<\/h2>\n<p class=\"x_MsoNormal\" data-olk-copy-source=\"MessageBody\">Wir haben zu unserer exklusiven Abendveranstaltung gemeinsam mit addworx (ehem. Altenburg) in M\u00fcnchen am 23. April eingeladen.<\/p>\n<p>Im Mittelpunkt stand das hochaktuelle Thema Restrukturierung \u2013 praxisnah beleuchtet aus strategischer, operativer und arbeitsrechtlicher Perspektive. In einem kompakten Format boten wir fundierte Einblicke, konkrete Handlungsempfehlungen sowie die M\u00f6glichkeit zum offenen Austausch mit f\u00fchrenden Experten und Entscheidungstr\u00e4gern.<\/p>\n<p class=\"x_MsoNormal\">Ein besonderes Highlight des Abends war die Keynote von Tina Rupprecht, die spannende Impulse aus einer au\u00dfergew\u00f6hnlichen Perspektive lieferte. Erg\u00e4nzt wurde das Programm durch Fachbeitr\u00e4ge renommierter Experten, darunter Vertreter von Pluta, Argon &amp; Co sowie addworx.<\/p>\n<p class=\"x_MsoNormal\"><b>Zusammengefasst:<\/b><\/p>\n<p class=\"x_MsoNormal\">\u2022 \u00a0 \u00a0Hochkar\u00e4tige Impulse rund um erfolgreiche Restrukturierung (z.B:\u00a0<b>von Andreas Offinger, Dr. Jan Duch oder Dr. Marc Spielberger<\/b>)<\/p>\n<p class=\"x_MsoNormal\">\u2022 \u00a0 \u00a0Praxisnahe Einblicke aus Beratung und Recht<\/p>\n<p class=\"x_MsoNormal\">\u2022 \u00a0 \u00a0Offener Austausch mit Gesch\u00e4ftsf\u00fchrern und Entscheidern (z.B.\u00a0<b>mit Marc Staudenmayer und Burkhard Wagner<\/b>)<\/p>\n<p class=\"x_MsoNormal\">\u2022 \u00a0 \u00a0Exklusives Networking in vertrauensvoller Atmosph\u00e4re<\/p>\n<p class=\"x_MsoNormal\">Die Veranstaltungs-Unterlage k\u00f6nnen Sie \u00fcber folgenden Link einsehen:<\/p>\n<p style=\"text-align: center;\"><a class=\"button\" href=\"https:\/\/www.argonandco.com\/wp-content\/uploads\/2026\/04\/Veranderung-mit-Schlagkraft_23-04-2026.pdf\" target=\"_blank\" rel=\"noopener\">Zur Unterlage<\/a><\/p>\n","protected":false},"featured_media":0,"template":"","class_list":["post-39245","event","type-event","status-publish","hentry"],"acf":[],"yoast_head":"<!-- This site is optimized with the Yoast SEO plugin v27.4 - https:\/\/yoast.com\/product\/yoast-seo-wordpress\/ -->\n<title>Restrukturierung im Fokus - Executive Abend in M\u00fcnchen - Argon &amp; Co<\/title>\n<meta name=\"robots\" content=\"index, follow, max-snippet:-1, max-image-preview:large, max-video-preview:-1\" \/>\n<link rel=\"canonical\" href=\"https:\/\/www.argonandco.com\/de\/news-insights\/events\/restrukturierung-im-fokus-executive-abend-in-muenchen\/\" \/>\n<meta property=\"og:locale\" content=\"de_DE\" \/>\n<meta property=\"og:type\" content=\"article\" \/>\n<meta property=\"og:title\" content=\"Restrukturierung im Fokus - Executive Abend in M\u00fcnchen - Argon &amp; Co\" \/>\n<meta property=\"og:description\" content=\"Ver\u00e4nderung mit Schlagkraft Wir haben zu unserer exklusiven Abendveranstaltung gemeinsam mit addworx (ehem. Altenburg) in M\u00fcnchen am 23. April eingeladen. Im Mittelpunkt stand das hochaktuelle Thema Restrukturierung \u2013 praxisnah beleuchtet aus strategischer, operativer und arbeitsrechtlicher Perspektive. In einem kompakten Format boten wir fundierte Einblicke, konkrete Handlungsempfehlungen sowie die M\u00f6glichkeit zum offenen Austausch mit f\u00fchrenden Experten [&hellip;]\" \/>\n<meta property=\"og:url\" content=\"https:\/\/www.argonandco.com\/de\/news-insights\/events\/restrukturierung-im-fokus-executive-abend-in-muenchen\/\" \/>\n<meta property=\"og:site_name\" content=\"Argon &amp; Co\" \/>\n<meta name=\"twitter:card\" content=\"summary_large_image\" \/>\n<meta name=\"twitter:label1\" content=\"Gesch\u00e4tzte Lesezeit\" \/>\n\t<meta name=\"twitter:data1\" content=\"1 Minute\" \/>\n<script type=\"application\/ld+json\" class=\"yoast-schema-graph\">{\"@context\":\"https:\\\/\\\/schema.org\",\"@graph\":[{\"@type\":\"WebPage\",\"@id\":\"https:\\\/\\\/www.argonandco.com\\\/de\\\/news-insights\\\/events\\\/restrukturierung-im-fokus-executive-abend-in-muenchen\\\/\",\"url\":\"https:\\\/\\\/www.argonandco.com\\\/de\\\/news-insights\\\/events\\\/restrukturierung-im-fokus-executive-abend-in-muenchen\\\/\",\"name\":\"Restrukturierung im Fokus - Executive Abend in M\u00fcnchen - Argon &amp; Co\",\"isPartOf\":{\"@id\":\"https:\\\/\\\/www.argonandco.com\\\/de\\\/#website\"},\"datePublished\":\"2026-04-29T09:03:49+00:00\",\"breadcrumb\":{\"@id\":\"https:\\\/\\\/www.argonandco.com\\\/de\\\/news-insights\\\/events\\\/restrukturierung-im-fokus-executive-abend-in-muenchen\\\/#breadcrumb\"},\"inLanguage\":\"de\",\"potentialAction\":[{\"@type\":\"ReadAction\",\"target\":[\"https:\\\/\\\/www.argonandco.com\\\/de\\\/news-insights\\\/events\\\/restrukturierung-im-fokus-executive-abend-in-muenchen\\\/\"]}]},{\"@type\":\"BreadcrumbList\",\"@id\":\"https:\\\/\\\/www.argonandco.com\\\/de\\\/news-insights\\\/events\\\/restrukturierung-im-fokus-executive-abend-in-muenchen\\\/#breadcrumb\",\"itemListElement\":[{\"@type\":\"ListItem\",\"position\":1,\"name\":\"Home\",\"item\":\"https:\\\/\\\/www.argonandco.com\\\/de\\\/\"},{\"@type\":\"ListItem\",\"position\":2,\"name\":\"Events\",\"item\":\"https:\\\/\\\/www.argonandco.com\\\/de\\\/news-insights\\\/events\\\/\"},{\"@type\":\"ListItem\",\"position\":3,\"name\":\"Restrukturierung im Fokus &#8211; Executive Abend in M\u00fcnchen\"}]},{\"@type\":\"WebSite\",\"@id\":\"https:\\\/\\\/www.argonandco.com\\\/de\\\/#website\",\"url\":\"https:\\\/\\\/www.argonandco.com\\\/de\\\/\",\"name\":\"Argon &amp; Co\",\"description\":\"We help clients achieve their strategic and operational objectives, working together to transform their businesses and generate real change.\",\"potentialAction\":[{\"@type\":\"SearchAction\",\"target\":{\"@type\":\"EntryPoint\",\"urlTemplate\":\"https:\\\/\\\/www.argonandco.com\\\/de\\\/?s={search_term_string}\"},\"query-input\":{\"@type\":\"PropertyValueSpecification\",\"valueRequired\":true,\"valueName\":\"search_term_string\"}}],\"inLanguage\":\"de\"}]}<\/script>\n<!-- \/ Yoast SEO plugin. -->","yoast_head_json":{"title":"Restrukturierung im Fokus - Executive Abend in M\u00fcnchen - Argon &amp; Co","robots":{"index":"index","follow":"follow","max-snippet":"max-snippet:-1","max-image-preview":"max-image-preview:large","max-video-preview":"max-video-preview:-1"},"canonical":"https:\/\/www.argonandco.com\/de\/news-insights\/events\/restrukturierung-im-fokus-executive-abend-in-muenchen\/","og_locale":"de_DE","og_type":"article","og_title":"Restrukturierung im Fokus - Executive Abend in M\u00fcnchen - Argon &amp; Co","og_description":"Ver\u00e4nderung mit Schlagkraft Wir haben zu unserer exklusiven Abendveranstaltung gemeinsam mit addworx (ehem. Altenburg) in M\u00fcnchen am 23. April eingeladen. Im Mittelpunkt stand das hochaktuelle Thema Restrukturierung \u2013 praxisnah beleuchtet aus strategischer, operativer und arbeitsrechtlicher Perspektive. In einem kompakten Format boten wir fundierte Einblicke, konkrete Handlungsempfehlungen sowie die M\u00f6glichkeit zum offenen Austausch mit f\u00fchrenden Experten [&hellip;]","og_url":"https:\/\/www.argonandco.com\/de\/news-insights\/events\/restrukturierung-im-fokus-executive-abend-in-muenchen\/","og_site_name":"Argon &amp; Co","twitter_card":"summary_large_image","twitter_misc":{"Gesch\u00e4tzte Lesezeit":"1 Minute"},"schema":{"@context":"https:\/\/schema.org","@graph":[{"@type":"WebPage","@id":"https:\/\/www.argonandco.com\/de\/news-insights\/events\/restrukturierung-im-fokus-executive-abend-in-muenchen\/","url":"https:\/\/www.argonandco.com\/de\/news-insights\/events\/restrukturierung-im-fokus-executive-abend-in-muenchen\/","name":"Restrukturierung im Fokus - Executive Abend in M\u00fcnchen - Argon &amp; Co","isPartOf":{"@id":"https:\/\/www.argonandco.com\/de\/#website"},"datePublished":"2026-04-29T09:03:49+00:00","breadcrumb":{"@id":"https:\/\/www.argonandco.com\/de\/news-insights\/events\/restrukturierung-im-fokus-executive-abend-in-muenchen\/#breadcrumb"},"inLanguage":"de","potentialAction":[{"@type":"ReadAction","target":["https:\/\/www.argonandco.com\/de\/news-insights\/events\/restrukturierung-im-fokus-executive-abend-in-muenchen\/"]}]},{"@type":"BreadcrumbList","@id":"https:\/\/www.argonandco.com\/de\/news-insights\/events\/restrukturierung-im-fokus-executive-abend-in-muenchen\/#breadcrumb","itemListElement":[{"@type":"ListItem","position":1,"name":"Home","item":"https:\/\/www.argonandco.com\/de\/"},{"@type":"ListItem","position":2,"name":"Events","item":"https:\/\/www.argonandco.com\/de\/news-insights\/events\/"},{"@type":"ListItem","position":3,"name":"Restrukturierung im Fokus &#8211; Executive Abend in M\u00fcnchen"}]},{"@type":"WebSite","@id":"https:\/\/www.argonandco.com\/de\/#website","url":"https:\/\/www.argonandco.com\/de\/","name":"Argon &amp; Co","description":"We help clients achieve their strategic and operational objectives, working together to transform their businesses and generate real change.","potentialAction":[{"@type":"SearchAction","target":{"@type":"EntryPoint","urlTemplate":"https:\/\/www.argonandco.com\/de\/?s={search_term_string}"},"query-input":{"@type":"PropertyValueSpecification","valueRequired":true,"valueName":"search_term_string"}}],"inLanguage":"de"}]}},"_links":{"self":[{"href":"https:\/\/www.argonandco.com\/de\/wp-json\/wp\/v2\/event\/39245","targetHints":{"allow":["GET"]}}],"collection":[{"href":"https:\/\/www.argonandco.com\/de\/wp-json\/wp\/v2\/event"}],"about":[{"href":"https:\/\/www.argonandco.com\/de\/wp-json\/wp\/v2\/types\/event"}],"version-history":[{"count":0,"href":"https:\/\/www.argonandco.com\/de\/wp-json\/wp\/v2\/event\/39245\/revisions"}],"wp:attachment":[{"href":"https:\/\/www.argonandco.com\/de\/wp-json\/wp\/v2\/media?parent=39245"}],"curies":[{"name":"wp","href":"https:\/\/api.w.org\/{rel}","templated":true}]}}

Restrukturierung im Fokus &#8211; Executive Abend in München

<h2>Veränderung mit Schlagkraft</h2>
<p class="x_MsoNormal" data-olk-copy-source="MessageBody">Wir haben zu unserer exklusiven Abendveranstaltung gemeinsam mit addworx (ehem. Altenburg) in München am 23. April eingeladen.</p>
<p>Im Mittelpunkt stand das hochaktuelle Thema Restrukturierung – praxisnah beleuchtet aus strategischer, operativer und arbeitsrechtlicher Perspektive. In einem kompakten Format boten wir fundierte Einblicke, konkrete Handlungsempfehlungen sowie die Möglichkeit zum offenen Austausch mit führenden Experten und Entscheidungsträgern.</p>
<p class="x_MsoNormal">Ein besonderes Highlight des Abends war die Keynote von Tina Rupprecht, die spannende Impulse aus einer außergewöhnlichen Perspektive lieferte. Ergänzt wurde das Programm durch Fachbeiträge renommierter Experten, darunter Vertreter von Pluta, Argon &amp; Co sowie addworx.</p>
<p class="x_MsoNormal"><b>Zusammengefasst:</b></p>
<p class="x_MsoNormal">•    Hochkarätige Impulse rund um erfolgreiche Restrukturierung (z.B: <b>von Andreas Offinger, Dr. Jan Duch oder Dr. Marc Spielberger</b>)</p>
<p class="x_MsoNormal">•    Praxisnahe Einblicke aus Beratung und Recht</p>
<p class="x_MsoNormal">•    Offener Austausch mit Geschäftsführern und Entscheidern (z.B. <b>mit Marc Staudenmayer und Burkhard Wagner</b>)</p>
<p class="x_MsoNormal">•    Exklusives Networking in vertrauensvoller Atmosphäre</p>
<p class="x_MsoNormal">Die Veranstaltungs-Unterlage können Sie über folgenden Link einsehen:</p>
<p style="text-align: center;"><a class="button" href="https://www.argonandco.com/wp-content/uploads/2026/04/Veranderung-mit-Schlagkraft_23-04-2026.pdf" target="_blank" rel="noopener">Zur Unterlage</a></p>

<!-- This site is optimized with the Yoast SEO plugin v27.4 - https://yoast.com/product/yoast-seo-wordpress/ -->
<title>Restrukturierung im Fokus - Executive Abend in München - Argon &amp; Co</title>
<meta name="robots" content="index, follow, max-snippet:-1, max-image-preview:large, max-video-preview:-1" />
<link rel="canonical" href="https://www.argonandco.com/de/news-insights/events/restrukturierung-im-fokus-executive-abend-in-muenchen/" />
<meta property="og:locale" content="de_DE" />
<meta property="og:type" content="article" />
<meta property="og:title" content="Restrukturierung im Fokus - Executive Abend in München - Argon &amp; Co" />
<meta property="og:description" content="Veränderung mit Schlagkraft Wir haben zu unserer exklusiven Abendveranstaltung gemeinsam mit addworx (ehem. Altenburg) in München am 23. April eingeladen. Im Mittelpunkt stand das hochaktuelle Thema Restrukturierung – praxisnah beleuchtet aus strategischer, operativer und arbeitsrechtlicher Perspektive. In einem kompakten Format boten wir fundierte Einblicke, konkrete Handlungsempfehlungen sowie die Möglichkeit zum offenen Austausch mit führenden Experten [&hellip;]" />
<meta property="og:url" content="https://www.argonandco.com/de/news-insights/events/restrukturierung-im-fokus-executive-abend-in-muenchen/" />
<meta property="og:site_name" content="Argon &amp; Co" />
<meta name="twitter:card" content="summary_large_image" />
<meta name="twitter:label1" content="Geschätzte Lesezeit" />
	<meta name="twitter:data1" content="1 Minute" />
<script type="application/ld+json" class="yoast-schema-graph">{"@context":"https:\/\/schema.org","@graph":[{"@type":"WebPage","@id":"https:\/\/www.argonandco.com\/de\/news-insights\/events\/restrukturierung-im-fokus-executive-abend-in-muenchen\/","url":"https:\/\/www.argonandco.com\/de\/news-insights\/events\/restrukturierung-im-fokus-executive-abend-in-muenchen\/","name":"Restrukturierung im Fokus - Executive Abend in München - Argon &amp; Co","isPartOf":{"@id":"https:\/\/www.argonandco.com\/de\/#website"},"datePublished":"2026-04-29T09:03:49+00:00","breadcrumb":{"@id":"https:\/\/www.argonandco.com\/de\/news-insights\/events\/restrukturierung-im-fokus-executive-abend-in-muenchen\/#breadcrumb"},"inLanguage":"de","potentialAction":[{"@type":"ReadAction","target":["https:\/\/www.argonandco.com\/de\/news-insights\/events\/restrukturierung-im-fokus-executive-abend-in-muenchen\/"]}]},{"@type":"BreadcrumbList","@id":"https:\/\/www.argonandco.com\/de\/news-insights\/events\/restrukturierung-im-fokus-executive-abend-in-muenchen\/#breadcrumb","itemListElement":[{"@type":"ListItem","position":1,"name":"Home","item":"https:\/\/www.argonandco.com\/de\/"},{"@type":"ListItem","position":2,"name":"Events","item":"https:\/\/www.argonandco.com\/de\/news-insights\/events\/"},{"@type":"ListItem","position":3,"name":"Restrukturierung im Fokus &#8211; Executive Abend in München"}]},{"@type":"WebSite","@id":"https:\/\/www.argonandco.com\/de\/#website","url":"https:\/\/www.argonandco.com\/de\/","name":"Argon &amp; Co","description":"We help clients achieve their strategic and operational objectives, working together to transform their businesses and generate real change.","potentialAction":[{"@type":"SearchAction","target":{"@type":"EntryPoint","urlTemplate":"https:\/\/www.argonandco.com\/de\/?s={search_term_string}"},"query-input":{"@type":"PropertyValueSpecification","valueRequired":true,"valueName":"search_term_string"}}],"inLanguage":"de"}]}</script>
<!-- / Yoast SEO plugin. -->

Restrukturierung im Fokus - Executive Abend in München - Argon &amp; Co

Veränderung mit Schlagkraft Wir haben zu unserer exklusiven Abendveranstaltung gemeinsam mit addworx (ehem. Altenburg) in München am 23. April eingeladen. Im Mittelpunkt stand das hochaktuelle Thema Restrukturierung – praxisnah beleuchtet aus strategischer, operativer und arbeitsrechtlicher Perspektive. In einem kompakten Format boten wir fundierte Einblicke, konkrete Handlungsempfehlungen sowie die Möglichkeit zum offenen Austausch mit führenden Experten [&hellip;]
