{"id":36747,"date":"2026-02-02T16:27:48","date_gmt":"2026-02-02T16:27:48","guid":{"rendered":"https:\/\/www.argonandco.com\/?post_type=event&#038;p=36747"},"modified":"2026-02-02T16:27:48","modified_gmt":"2026-02-02T16:27:48","slug":"re-branding-event-2026","status":"publish","type":"event","link":"https:\/\/www.argonandco.com\/de\/news-insights\/events\/re-branding-event-2026\/","title":{"rendered":"Re-Branding Event 2026"},"content":{"rendered":"<p class=\"x_elementToProof\" data-ogsb=\"rgb(255, 255, 255)\"><span data-ogsc=\"rgb(0, 0, 0)\" data-olk-copy-source=\"MessageBody\">Gemeinsam mit Ihnen m\u00f6chten wir einen besonderen Meilenstein feiern: Unseren Markenwechsel von Advyce &amp; Company zu Argon &amp; Co.<br \/>\n<\/span><\/p>\n<hr \/>\n<p class=\"x_elementToProof\" data-ogsb=\"rgb(255, 255, 255)\"><span data-ogsc=\"rgb(0, 0, 0)\"><b data-ogsc=\"\"><u data-ogsc=\"\">Datum &amp; Ort<\/u><br \/>\n<\/b>Am\u00a0<b data-ogsc=\"\">Donnerstag, den 26. Februar 2026<\/b>\u00a0\u00f6ffnen wir die T\u00fcren unserer B\u00fcros in\u00a0<b data-ogsc=\"\">Mannheim\u00a0<\/b>und\u00a0<b data-ogsc=\"\">D\u00fcsseldorf<\/b>, jeweils ab 17 Uhr.<\/span><\/p>\n<p class=\"x_elementToProof\" data-ogsb=\"rgb(255, 255, 255)\"><span data-ogsc=\"rgb(0, 0, 0)\"><b data-ogsc=\"\"><u data-ogsc=\"\">Was Sie erwartet<\/u><br \/>\n<\/b>Freuen Sie sich auf spannende Impulse und lebendiges Networking bei leckerem Essen sowie guten Drinks.<\/span><\/p>\n<hr \/>\n<p class=\"x_elementToProof\" data-ogsb=\"rgb(255, 255, 255)\"><span data-ogsc=\"rgb(0, 0, 0)\"><b data-ogsc=\"\">Was bedeutet der Markenwechsel f\u00fcr Sie und uns?<\/b><\/span><\/p>\n<p class=\"x_elementToProof\" data-ogsb=\"rgb(255, 255, 255)\"><span data-ogsc=\"rgb(0, 0, 0)\">Wie bereits kommuniziert, haben wir uns im April 2025 mit Argon &amp; Co zusammengeschlossen und somit einen bedeutenden Schritt f\u00fcr das Unternehmen vollzogen.<br \/>\nDer Zusammenschluss von\u00a0<\/span><span data-ogsc=\"rgb(70, 120, 134)\"><u data-ogsc=\"\"><a id=\"OWA19331003-054c-046d-cf97-dbc182113af0\" class=\"x_x_OWAAutoLink\" title=\"Urspr\u00fcngliche URL: https:\/\/advyce.com\/zusammenschluss-advyce-und-argon\/. Klicken oder tippen Sie, wenn Sie diesem Link Vertrauen.\" href=\"https:\/\/eur01.safelinks.protection.outlook.com\/?url=https%3A%2F%2Fadvyce.com%2Fzusammenschluss-advyce-und-argon%2F&amp;data=05%7C02%7Ckontakt%40advyce.com%7Cd72307876cec40b543b808de4eec4e8e%7C3d44215d745242babfd494d4f26cfd84%7C0%7C0%7C639034974017752131%7CUnknown%7CTWFpbGZsb3d8eyJFbXB0eU1hcGkiOnRydWUsIlYiOiIwLjAuMDAwMCIsIlAiOiJXaW4zMiIsIkFOIjoiTWFpbCIsIldUIjoyfQ%3D%3D%7C0%7C%7C%7C&amp;sdata=3o1%2BOOZLnj0AsF0vdN7UCn55lFyj%2Bh4wJ%2FxkgR2g%2FOE%3D&amp;reserved=0\" data-ogsc=\"rgb(70, 120, 134)\" data-linkindex=\"1\" data-auth=\"NotApplicable\">Advyce &amp; Company und Argon &amp; Co<\/a><\/u><\/span><span data-ogsc=\"rgb(0, 0, 0)\">\u00a0ist das Ergebnis eines langfristigen Ziels: Als Advyce &amp; Company im Jahre 2014 gegr\u00fcndet wurde, war die Vision klar: Unternehmensberatung neu denken, mutig handeln und echten Mehrwert f\u00fcr unsere Kunden schaffen. Nun heben wir dieses \u201eBig Picture\u201c gemeinsam mit Argon &amp; Co auf ein neues Level.<\/span><\/p>\n<p class=\"x_elementToProof\" data-ogsb=\"rgb(255, 255, 255)\"><span data-ogsc=\"rgb(0, 0, 0)\">Argon &amp; Co erg\u00e4nzt uns durch eine noch globalere Perspektive sowie einem Netzwerk, das \u00fcber 17 Standorte weltweit reicht \u2013 von Europa \u00fcber Asien bis in die USA.<\/span><\/p>\n<p class=\"x_elementToProof\" data-ogsb=\"rgb(255, 255, 255)\"><span data-ogsc=\"rgb(0, 0, 0)\">Unsere tief verankerte Expertise in den Bereichen Strategie, Transformation, Restrukturierung und Performance vereint sich nun mit Argon &amp; Co\u2019s St\u00e4rken in Supply Chain Management, Operations und Procurement.<\/span><\/p>\n<p class=\"x_elementToProof\" data-ogsb=\"rgb(255, 255, 255)\"><span data-ogsc=\"rgb(0, 0, 0)\">Gemeinsam m\u00f6chten wir Unternehmen dementsprechend weiterhin langfristig individuell beraten und begleiten. Mit dem Anspruch, echten Wandel zu erm\u00f6glichen, Wachstum zu gestalten und Nachhaltigkeit zu schaffen. Dieser Zusammenschluss bedeutet auch ein Versprechen an unsere Gesch\u00e4ftspartner und Kunden:<\/span><\/p>\n<p class=\"x_elementToProof\" data-ogsb=\"rgb(255, 255, 255)\"><span data-ogsc=\"rgb(0, 0, 0)\"><b data-ogsc=\"\">Wir bleiben nah, mit unternehmerischem Geist, klarer Verantwortung f\u00fcr nachhaltige Ergebnisse und schaffen gemeinsam L\u00f6sungen f\u00fcr langfristige Stabilit\u00e4t.<\/b><\/span><\/p>\n<hr \/>\n<p data-ogsb=\"rgb(255, 255, 255)\">Sie m\u00f6chten teilnehmen? Dann melden Sie sich gerne per E-Mail bei Teresa Harris (Head of Marketing DACH) unter teresa.harris@argonandco.com &#8211; wir freuen uns auf Sie!<\/p>\n","protected":false},"featured_media":0,"template":"","class_list":["post-36747","event","type-event","status-publish","hentry"],"acf":[],"yoast_head":"<!-- This site is optimized with the Yoast SEO plugin v27.4 - https:\/\/yoast.com\/product\/yoast-seo-wordpress\/ -->\n<title>Re-Branding Event 2026 - Argon &amp; Co<\/title>\n<meta name=\"robots\" content=\"index, follow, max-snippet:-1, max-image-preview:large, max-video-preview:-1\" \/>\n<link rel=\"canonical\" href=\"https:\/\/www.argonandco.com\/de\/news-insights\/events\/re-branding-event-2026\/\" \/>\n<meta property=\"og:locale\" content=\"de_DE\" \/>\n<meta property=\"og:type\" content=\"article\" \/>\n<meta property=\"og:title\" content=\"Re-Branding Event 2026 - Argon &amp; Co\" \/>\n<meta property=\"og:description\" content=\"Gemeinsam mit Ihnen m\u00f6chten wir einen besonderen Meilenstein feiern: Unseren Markenwechsel von Advyce &amp; Company zu Argon &amp; Co. Datum &amp; Ort Am\u00a0Donnerstag, den 26. Februar 2026\u00a0\u00f6ffnen wir die T\u00fcren unserer B\u00fcros in\u00a0Mannheim\u00a0und\u00a0D\u00fcsseldorf, jeweils ab 17 Uhr. Was Sie erwartet Freuen Sie sich auf spannende Impulse und lebendiges Networking bei leckerem Essen sowie guten Drinks. [&hellip;]\" \/>\n<meta property=\"og:url\" content=\"https:\/\/www.argonandco.com\/de\/news-insights\/events\/re-branding-event-2026\/\" \/>\n<meta property=\"og:site_name\" content=\"Argon &amp; Co\" \/>\n<meta name=\"twitter:card\" content=\"summary_large_image\" \/>\n<meta name=\"twitter:label1\" content=\"Gesch\u00e4tzte Lesezeit\" \/>\n\t<meta name=\"twitter:data1\" content=\"1 Minute\" \/>\n<script type=\"application\/ld+json\" class=\"yoast-schema-graph\">{\"@context\":\"https:\\\/\\\/schema.org\",\"@graph\":[{\"@type\":\"WebPage\",\"@id\":\"https:\\\/\\\/www.argonandco.com\\\/de\\\/news-insights\\\/events\\\/re-branding-event-2026\\\/\",\"url\":\"https:\\\/\\\/www.argonandco.com\\\/de\\\/news-insights\\\/events\\\/re-branding-event-2026\\\/\",\"name\":\"Re-Branding Event 2026 - Argon &amp; Co\",\"isPartOf\":{\"@id\":\"https:\\\/\\\/www.argonandco.com\\\/de\\\/#website\"},\"datePublished\":\"2026-02-02T16:27:48+00:00\",\"breadcrumb\":{\"@id\":\"https:\\\/\\\/www.argonandco.com\\\/de\\\/news-insights\\\/events\\\/re-branding-event-2026\\\/#breadcrumb\"},\"inLanguage\":\"de\",\"potentialAction\":[{\"@type\":\"ReadAction\",\"target\":[\"https:\\\/\\\/www.argonandco.com\\\/de\\\/news-insights\\\/events\\\/re-branding-event-2026\\\/\"]}]},{\"@type\":\"BreadcrumbList\",\"@id\":\"https:\\\/\\\/www.argonandco.com\\\/de\\\/news-insights\\\/events\\\/re-branding-event-2026\\\/#breadcrumb\",\"itemListElement\":[{\"@type\":\"ListItem\",\"position\":1,\"name\":\"Home\",\"item\":\"https:\\\/\\\/www.argonandco.com\\\/de\\\/\"},{\"@type\":\"ListItem\",\"position\":2,\"name\":\"Events\",\"item\":\"https:\\\/\\\/www.argonandco.com\\\/de\\\/news-insights\\\/events\\\/\"},{\"@type\":\"ListItem\",\"position\":3,\"name\":\"Re-Branding Event 2026\"}]},{\"@type\":\"WebSite\",\"@id\":\"https:\\\/\\\/www.argonandco.com\\\/de\\\/#website\",\"url\":\"https:\\\/\\\/www.argonandco.com\\\/de\\\/\",\"name\":\"Argon &amp; Co\",\"description\":\"We help clients achieve their strategic and operational objectives, working together to transform their businesses and generate real change.\",\"potentialAction\":[{\"@type\":\"SearchAction\",\"target\":{\"@type\":\"EntryPoint\",\"urlTemplate\":\"https:\\\/\\\/www.argonandco.com\\\/de\\\/?s={search_term_string}\"},\"query-input\":{\"@type\":\"PropertyValueSpecification\",\"valueRequired\":true,\"valueName\":\"search_term_string\"}}],\"inLanguage\":\"de\"}]}<\/script>\n<!-- \/ Yoast SEO plugin. -->","yoast_head_json":{"title":"Re-Branding Event 2026 - Argon &amp; Co","robots":{"index":"index","follow":"follow","max-snippet":"max-snippet:-1","max-image-preview":"max-image-preview:large","max-video-preview":"max-video-preview:-1"},"canonical":"https:\/\/www.argonandco.com\/de\/news-insights\/events\/re-branding-event-2026\/","og_locale":"de_DE","og_type":"article","og_title":"Re-Branding Event 2026 - Argon &amp; Co","og_description":"Gemeinsam mit Ihnen m\u00f6chten wir einen besonderen Meilenstein feiern: Unseren Markenwechsel von Advyce &amp; Company zu Argon &amp; Co. Datum &amp; Ort Am\u00a0Donnerstag, den 26. Februar 2026\u00a0\u00f6ffnen wir die T\u00fcren unserer B\u00fcros in\u00a0Mannheim\u00a0und\u00a0D\u00fcsseldorf, jeweils ab 17 Uhr. Was Sie erwartet Freuen Sie sich auf spannende Impulse und lebendiges Networking bei leckerem Essen sowie guten Drinks. [&hellip;]","og_url":"https:\/\/www.argonandco.com\/de\/news-insights\/events\/re-branding-event-2026\/","og_site_name":"Argon &amp; Co","twitter_card":"summary_large_image","twitter_misc":{"Gesch\u00e4tzte Lesezeit":"1 Minute"},"schema":{"@context":"https:\/\/schema.org","@graph":[{"@type":"WebPage","@id":"https:\/\/www.argonandco.com\/de\/news-insights\/events\/re-branding-event-2026\/","url":"https:\/\/www.argonandco.com\/de\/news-insights\/events\/re-branding-event-2026\/","name":"Re-Branding Event 2026 - Argon &amp; Co","isPartOf":{"@id":"https:\/\/www.argonandco.com\/de\/#website"},"datePublished":"2026-02-02T16:27:48+00:00","breadcrumb":{"@id":"https:\/\/www.argonandco.com\/de\/news-insights\/events\/re-branding-event-2026\/#breadcrumb"},"inLanguage":"de","potentialAction":[{"@type":"ReadAction","target":["https:\/\/www.argonandco.com\/de\/news-insights\/events\/re-branding-event-2026\/"]}]},{"@type":"BreadcrumbList","@id":"https:\/\/www.argonandco.com\/de\/news-insights\/events\/re-branding-event-2026\/#breadcrumb","itemListElement":[{"@type":"ListItem","position":1,"name":"Home","item":"https:\/\/www.argonandco.com\/de\/"},{"@type":"ListItem","position":2,"name":"Events","item":"https:\/\/www.argonandco.com\/de\/news-insights\/events\/"},{"@type":"ListItem","position":3,"name":"Re-Branding Event 2026"}]},{"@type":"WebSite","@id":"https:\/\/www.argonandco.com\/de\/#website","url":"https:\/\/www.argonandco.com\/de\/","name":"Argon &amp; Co","description":"We help clients achieve their strategic and operational objectives, working together to transform their businesses and generate real change.","potentialAction":[{"@type":"SearchAction","target":{"@type":"EntryPoint","urlTemplate":"https:\/\/www.argonandco.com\/de\/?s={search_term_string}"},"query-input":{"@type":"PropertyValueSpecification","valueRequired":true,"valueName":"search_term_string"}}],"inLanguage":"de"}]}},"_links":{"self":[{"href":"https:\/\/www.argonandco.com\/de\/wp-json\/wp\/v2\/event\/36747","targetHints":{"allow":["GET"]}}],"collection":[{"href":"https:\/\/www.argonandco.com\/de\/wp-json\/wp\/v2\/event"}],"about":[{"href":"https:\/\/www.argonandco.com\/de\/wp-json\/wp\/v2\/types\/event"}],"version-history":[{"count":0,"href":"https:\/\/www.argonandco.com\/de\/wp-json\/wp\/v2\/event\/36747\/revisions"}],"wp:attachment":[{"href":"https:\/\/www.argonandco.com\/de\/wp-json\/wp\/v2\/media?parent=36747"}],"curies":[{"name":"wp","href":"https:\/\/api.w.org\/{rel}","templated":true}]}}

<p class="x_elementToProof" data-ogsb="rgb(255, 255, 255)"><span data-ogsc="rgb(0, 0, 0)" data-olk-copy-source="MessageBody">Gemeinsam mit Ihnen möchten wir einen besonderen Meilenstein feiern: Unseren Markenwechsel von Advyce &amp; Company zu Argon &amp; Co.<br />
</span></p>
<hr />
<p class="x_elementToProof" data-ogsb="rgb(255, 255, 255)"><span data-ogsc="rgb(0, 0, 0)"><b data-ogsc=""><u data-ogsc="">Datum &amp; Ort</u><br />
</b>Am <b data-ogsc="">Donnerstag, den 26. Februar 2026</b> öffnen wir die Türen unserer Büros in <b data-ogsc="">Mannheim </b>und <b data-ogsc="">Düsseldorf</b>, jeweils ab 17 Uhr.</span></p>
<p class="x_elementToProof" data-ogsb="rgb(255, 255, 255)"><span data-ogsc="rgb(0, 0, 0)"><b data-ogsc=""><u data-ogsc="">Was Sie erwartet</u><br />
</b>Freuen Sie sich auf spannende Impulse und lebendiges Networking bei leckerem Essen sowie guten Drinks.</span></p>
<hr />
<p class="x_elementToProof" data-ogsb="rgb(255, 255, 255)"><span data-ogsc="rgb(0, 0, 0)"><b data-ogsc="">Was bedeutet der Markenwechsel für Sie und uns?</b></span></p>
<p class="x_elementToProof" data-ogsb="rgb(255, 255, 255)"><span data-ogsc="rgb(0, 0, 0)">Wie bereits kommuniziert, haben wir uns im April 2025 mit Argon &amp; Co zusammengeschlossen und somit einen bedeutenden Schritt für das Unternehmen vollzogen.<br />
Der Zusammenschluss von </span><span data-ogsc="rgb(70, 120, 134)"><u data-ogsc=""><a id="OWA19331003-054c-046d-cf97-dbc182113af0" class="x_x_OWAAutoLink" title="Ursprüngliche URL: https://advyce.com/zusammenschluss-advyce-und-argon/. Klicken oder tippen Sie, wenn Sie diesem Link Vertrauen." href="https://eur01.safelinks.protection.outlook.com/?url=https%3A%2F%2Fadvyce.com%2Fzusammenschluss-advyce-und-argon%2F&amp;data=05%7C02%7Ckontakt%40advyce.com%7Cd72307876cec40b543b808de4eec4e8e%7C3d44215d745242babfd494d4f26cfd84%7C0%7C0%7C639034974017752131%7CUnknown%7CTWFpbGZsb3d8eyJFbXB0eU1hcGkiOnRydWUsIlYiOiIwLjAuMDAwMCIsIlAiOiJXaW4zMiIsIkFOIjoiTWFpbCIsIldUIjoyfQ%3D%3D%7C0%7C%7C%7C&amp;sdata=3o1%2BOOZLnj0AsF0vdN7UCn55lFyj%2Bh4wJ%2FxkgR2g%2FOE%3D&amp;reserved=0" data-ogsc="rgb(70, 120, 134)" data-linkindex="1" data-auth="NotApplicable">Advyce &amp; Company und Argon &amp; Co</a></u></span><span data-ogsc="rgb(0, 0, 0)"> ist das Ergebnis eines langfristigen Ziels: Als Advyce &amp; Company im Jahre 2014 gegründet wurde, war die Vision klar: Unternehmensberatung neu denken, mutig handeln und echten Mehrwert für unsere Kunden schaffen. Nun heben wir dieses „Big Picture“ gemeinsam mit Argon &amp; Co auf ein neues Level.</span></p>
<p class="x_elementToProof" data-ogsb="rgb(255, 255, 255)"><span data-ogsc="rgb(0, 0, 0)">Argon &amp; Co ergänzt uns durch eine noch globalere Perspektive sowie einem Netzwerk, das über 17 Standorte weltweit reicht – von Europa über Asien bis in die USA.</span></p>
<p class="x_elementToProof" data-ogsb="rgb(255, 255, 255)"><span data-ogsc="rgb(0, 0, 0)">Unsere tief verankerte Expertise in den Bereichen Strategie, Transformation, Restrukturierung und Performance vereint sich nun mit Argon &amp; Co’s Stärken in Supply Chain Management, Operations und Procurement.</span></p>
<p class="x_elementToProof" data-ogsb="rgb(255, 255, 255)"><span data-ogsc="rgb(0, 0, 0)">Gemeinsam möchten wir Unternehmen dementsprechend weiterhin langfristig individuell beraten und begleiten. Mit dem Anspruch, echten Wandel zu ermöglichen, Wachstum zu gestalten und Nachhaltigkeit zu schaffen. Dieser Zusammenschluss bedeutet auch ein Versprechen an unsere Geschäftspartner und Kunden:</span></p>
<p class="x_elementToProof" data-ogsb="rgb(255, 255, 255)"><span data-ogsc="rgb(0, 0, 0)"><b data-ogsc="">Wir bleiben nah, mit unternehmerischem Geist, klarer Verantwortung für nachhaltige Ergebnisse und schaffen gemeinsam Lösungen für langfristige Stabilität.</b></span></p>
<hr />
<p data-ogsb="rgb(255, 255, 255)">Sie möchten teilnehmen? Dann melden Sie sich gerne per E-Mail bei Teresa Harris (Head of Marketing DACH) unter teresa.harris@argonandco.com &#8211; wir freuen uns auf Sie!</p>

<!-- This site is optimized with the Yoast SEO plugin v27.4 - https://yoast.com/product/yoast-seo-wordpress/ -->
<title>Re-Branding Event 2026 - Argon &amp; Co</title>
<meta name="robots" content="index, follow, max-snippet:-1, max-image-preview:large, max-video-preview:-1" />
<link rel="canonical" href="https://www.argonandco.com/de/news-insights/events/re-branding-event-2026/" />
<meta property="og:locale" content="de_DE" />
<meta property="og:type" content="article" />
<meta property="og:title" content="Re-Branding Event 2026 - Argon &amp; Co" />
<meta property="og:description" content="Gemeinsam mit Ihnen möchten wir einen besonderen Meilenstein feiern: Unseren Markenwechsel von Advyce &amp; Company zu Argon &amp; Co. Datum &amp; Ort Am Donnerstag, den 26. Februar 2026 öffnen wir die Türen unserer Büros in Mannheim und Düsseldorf, jeweils ab 17 Uhr. Was Sie erwartet Freuen Sie sich auf spannende Impulse und lebendiges Networking bei leckerem Essen sowie guten Drinks. [&hellip;]" />
<meta property="og:url" content="https://www.argonandco.com/de/news-insights/events/re-branding-event-2026/" />
<meta property="og:site_name" content="Argon &amp; Co" />
<meta name="twitter:card" content="summary_large_image" />
<meta name="twitter:label1" content="Geschätzte Lesezeit" />
	<meta name="twitter:data1" content="1 Minute" />
<script type="application/ld+json" class="yoast-schema-graph">{"@context":"https:\/\/schema.org","@graph":[{"@type":"WebPage","@id":"https:\/\/www.argonandco.com\/de\/news-insights\/events\/re-branding-event-2026\/","url":"https:\/\/www.argonandco.com\/de\/news-insights\/events\/re-branding-event-2026\/","name":"Re-Branding Event 2026 - Argon &amp; Co","isPartOf":{"@id":"https:\/\/www.argonandco.com\/de\/#website"},"datePublished":"2026-02-02T16:27:48+00:00","breadcrumb":{"@id":"https:\/\/www.argonandco.com\/de\/news-insights\/events\/re-branding-event-2026\/#breadcrumb"},"inLanguage":"de","potentialAction":[{"@type":"ReadAction","target":["https:\/\/www.argonandco.com\/de\/news-insights\/events\/re-branding-event-2026\/"]}]},{"@type":"BreadcrumbList","@id":"https:\/\/www.argonandco.com\/de\/news-insights\/events\/re-branding-event-2026\/#breadcrumb","itemListElement":[{"@type":"ListItem","position":1,"name":"Home","item":"https:\/\/www.argonandco.com\/de\/"},{"@type":"ListItem","position":2,"name":"Events","item":"https:\/\/www.argonandco.com\/de\/news-insights\/events\/"},{"@type":"ListItem","position":3,"name":"Re-Branding Event 2026"}]},{"@type":"WebSite","@id":"https:\/\/www.argonandco.com\/de\/#website","url":"https:\/\/www.argonandco.com\/de\/","name":"Argon &amp; Co","description":"We help clients achieve their strategic and operational objectives, working together to transform their businesses and generate real change.","potentialAction":[{"@type":"SearchAction","target":{"@type":"EntryPoint","urlTemplate":"https:\/\/www.argonandco.com\/de\/?s={search_term_string}"},"query-input":{"@type":"PropertyValueSpecification","valueRequired":true,"valueName":"search_term_string"}}],"inLanguage":"de"}]}</script>
<!-- / Yoast SEO plugin. -->

Gemeinsam mit Ihnen möchten wir einen besonderen Meilenstein feiern: Unseren Markenwechsel von Advyce &amp; Company zu Argon &amp; Co. Datum &amp; Ort Am Donnerstag, den 26. Februar 2026 öffnen wir die Türen unserer Büros in Mannheim und Düsseldorf, jeweils ab 17 Uhr. Was Sie erwartet Freuen Sie sich auf spannende Impulse und lebendiges Networking bei leckerem Essen sowie guten Drinks. [&hellip;]
